{"id":1960,"date":"2020-12-22T20:17:38","date_gmt":"2020-12-22T20:17:38","guid":{"rendered":"http:\/\/ortopediagorgo.com.ar\/?post_type=product&#038;p=1960"},"modified":"2020-12-22T20:17:38","modified_gmt":"2020-12-22T20:17:38","slug":"munequera-elastica-spandex","status":"publish","type":"product","link":"https:\/\/ortopediagorgo.com.ar\/?product=munequera-elastica-spandex","title":{"rendered":"Mu\u00f1equera el\u00e1stica Spandex"},"content":{"rendered":"<h5 class=\"color\">Descripci\u00f3n \/ Indicaciones<\/h5>\n<ul>\n<li>Ayuda a prevenir torceduras, esguinces y dolores articulares, manteniendo la articulaci\u00f3n en una posici\u00f3n neutra.<\/li>\n<li>Contribuye a una r\u00e1pida desinflamaci\u00f3n y rehabilitaci\u00f3n de lesiones, aplicando compresi\u00f3n.<\/li>\n<li>Producto respirable, mantiene la piel seca.<\/li>\n<li>Tejido tubular sin costuras, anat\u00f3mico, ideal para practicar deporte.<\/li>\n<li>Elaborada con hilados de alto rendimiento. Spandex, de secado r\u00e1pido, resistente a la sudoraci\u00f3n, y alto grado de recuperaci\u00f3n el\u00e1stica. Poliamida, resistente al desgaste.<\/li>\n<\/ul>\n","protected":false},"excerpt":{"rendered":"<p>Mu\u00f1equera el\u00e1stica Spandex<\/p>\n","protected":false},"featured_media":1937,"comment_status":"open","ping_status":"closed","template":"","meta":{"_monsterinsights_skip_tracking":false,"_monsterinsights_sitenote_active":false,"_monsterinsights_sitenote_note":"","_monsterinsights_sitenote_category":0},"product_brand":[],"product_cat":[107],"product_tag":[106,108],"class_list":{"0":"post-1960","1":"product","2":"type-product","3":"status-publish","4":"has-post-thumbnail","6":"product_cat-brazo-codo-muneca-miembre-superio","7":"product_tag-elastica","8":"product_tag-munequera","10":"first","11":"instock","12":"shipping-taxable","13":"product-type-simple"},"_links":{"self":[{"href":"https:\/\/ortopediagorgo.com.ar\/index.php?rest_route=\/wp\/v2\/product\/1960","targetHints":{"allow":["GET"]}}],"collection":[{"href":"https:\/\/ortopediagorgo.com.ar\/index.php?rest_route=\/wp\/v2\/product"}],"about":[{"href":"https:\/\/ortopediagorgo.com.ar\/index.php?rest_route=\/wp\/v2\/types\/product"}],"replies":[{"embeddable":true,"href":"https:\/\/ortopediagorgo.com.ar\/index.php?rest_route=%2Fwp%2Fv2%2Fcomments&post=1960"}],"version-history":[{"count":1,"href":"https:\/\/ortopediagorgo.com.ar\/index.php?rest_route=\/wp\/v2\/product\/1960\/revisions"}],"predecessor-version":[{"id":1961,"href":"https:\/\/ortopediagorgo.com.ar\/index.php?rest_route=\/wp\/v2\/product\/1960\/revisions\/1961"}],"wp:featuredmedia":[{"embeddable":true,"href":"https:\/\/ortopediagorgo.com.ar\/index.php?rest_route=\/wp\/v2\/media\/1937"}],"wp:attachment":[{"href":"https:\/\/ortopediagorgo.com.ar\/index.php?rest_route=%2Fwp%2Fv2%2Fmedia&parent=1960"}],"wp:term":[{"taxonomy":"product_brand","embeddable":true,"href":"https:\/\/ortopediagorgo.com.ar\/index.php?rest_route=%2Fwp%2Fv2%2Fproduct_brand&post=1960"},{"taxonomy":"product_cat","embeddable":true,"href":"https:\/\/ortopediagorgo.com.ar\/index.php?rest_route=%2Fwp%2Fv2%2Fproduct_cat&post=1960"},{"taxonomy":"product_tag","embeddable":true,"href":"https:\/\/ortopediagorgo.com.ar\/index.php?rest_route=%2Fwp%2Fv2%2Fproduct_tag&post=1960"}],"curies":[{"name":"wp","href":"https:\/\/api.w.org\/{rel}","templated":true}]}}