{"id":2134,"date":"2020-12-26T17:32:20","date_gmt":"2020-12-26T17:32:20","guid":{"rendered":"http:\/\/ortopediagorgo.com.ar\/?post_type=product&#038;p=2134"},"modified":"2021-01-07T16:17:31","modified_gmt":"2021-01-07T19:17:31","slug":"biatain-alginato","status":"publish","type":"product","link":"https:\/\/ortopediagorgo.com.ar\/?product=biatain-alginato","title":{"rendered":"Biatain Alginato"},"content":{"rendered":"<p>Biatain<sup data-char=\"\u00ae\">\u00ae<\/sup>\u00a0Alginate puede utilizarse en todas las heridas con exudado moderado a abundante y con\u00a0profundidad parcial o completa. Biatain<sup data-char=\"\u00ae\">\u00ae<\/sup>\u00a0Alginate puede ayudar a controlar hemorragias menores en heridas superficiales. Biatain<sup data-char=\"\u00ae\">\u00ae<\/sup>\u00a0Alginate puede utilizarse con terapia de compresi\u00f3n. Biatain<sup data-char=\"\u00ae\">\u00ae<\/sup>\u00a0Alginate no debe utilizarse sobre heridas secas o con exudado leve ni para controlar hemorragias intensas. Biatain<sup data-char=\"\u00ae\">\u00ae<\/sup>\u00a0Alginate est\u00e1 indicado para \u00falceras por presi\u00f3n, \u00falceras venosas de pierna, \u00falceras arteriales, \u00falceras de pie diab\u00e9tico, sitios donantes o heridas traum\u00e1ticas.<\/p>\n<p><b>Presentaci\u00f3n<\/b><\/p>\n<p>Cod. 3710\u00a0 10&#215;10 (caja x10 unidades)<br \/>\nCod. 3715\u00a0 15&#215;15 (caja x10 unidades)<br \/>\nCod. 37402 (caja x6 unidades)<\/p>\n","protected":false},"excerpt":{"rendered":"<p>Biatain<sup data-char=\"\u00ae\">\u00ae<\/sup>\u00a0Alginate es un ap\u00f3sito de alginato altamente absorbente para heridas con exudado moderado a abundante, de cualquier tama\u00f1o, forma y profundidad. Biatain<sup data-char=\"\u00ae\">\u00ae<\/sup>\u00a0Alginate logra una absorci\u00f3n superior en comparaci\u00f3n con otros ap\u00f3sitos de alginato e hidrofibra<\/p>\n","protected":false},"featured_media":2444,"comment_status":"open","ping_status":"closed","template":"","meta":{"_monsterinsights_skip_tracking":false,"_monsterinsights_sitenote_active":false,"_monsterinsights_sitenote_note":"","_monsterinsights_sitenote_category":0},"product_brand":[],"product_cat":[166],"product_tag":[167,172,170,168,169],"class_list":{"0":"post-2134","1":"product","2":"type-product","3":"status-publish","4":"has-post-thumbnail","6":"product_cat-coloplast-cuidador-heridas","7":"product_tag-coloplast","8":"product_tag-curacion","9":"product_tag-escaras","10":"product_tag-heridas","11":"product_tag-ulceras","13":"first","14":"instock","15":"shipping-taxable","16":"product-type-simple"},"_links":{"self":[{"href":"https:\/\/ortopediagorgo.com.ar\/index.php?rest_route=\/wp\/v2\/product\/2134","targetHints":{"allow":["GET"]}}],"collection":[{"href":"https:\/\/ortopediagorgo.com.ar\/index.php?rest_route=\/wp\/v2\/product"}],"about":[{"href":"https:\/\/ortopediagorgo.com.ar\/index.php?rest_route=\/wp\/v2\/types\/product"}],"replies":[{"embeddable":true,"href":"https:\/\/ortopediagorgo.com.ar\/index.php?rest_route=%2Fwp%2Fv2%2Fcomments&post=2134"}],"version-history":[{"count":3,"href":"https:\/\/ortopediagorgo.com.ar\/index.php?rest_route=\/wp\/v2\/product\/2134\/revisions"}],"predecessor-version":[{"id":2446,"href":"https:\/\/ortopediagorgo.com.ar\/index.php?rest_route=\/wp\/v2\/product\/2134\/revisions\/2446"}],"wp:featuredmedia":[{"embeddable":true,"href":"https:\/\/ortopediagorgo.com.ar\/index.php?rest_route=\/wp\/v2\/media\/2444"}],"wp:attachment":[{"href":"https:\/\/ortopediagorgo.com.ar\/index.php?rest_route=%2Fwp%2Fv2%2Fmedia&parent=2134"}],"wp:term":[{"taxonomy":"product_brand","embeddable":true,"href":"https:\/\/ortopediagorgo.com.ar\/index.php?rest_route=%2Fwp%2Fv2%2Fproduct_brand&post=2134"},{"taxonomy":"product_cat","embeddable":true,"href":"https:\/\/ortopediagorgo.com.ar\/index.php?rest_route=%2Fwp%2Fv2%2Fproduct_cat&post=2134"},{"taxonomy":"product_tag","embeddable":true,"href":"https:\/\/ortopediagorgo.com.ar\/index.php?rest_route=%2Fwp%2Fv2%2Fproduct_tag&post=2134"}],"curies":[{"name":"wp","href":"https:\/\/api.w.org\/{rel}","templated":true}]}}