{"id":2136,"date":"2020-12-26T17:35:31","date_gmt":"2020-12-26T17:35:31","guid":{"rendered":"http:\/\/ortopediagorgo.com.ar\/?post_type=product&#038;p=2136"},"modified":"2020-12-26T17:35:31","modified_gmt":"2020-12-26T17:35:31","slug":"comfeel-plus-extra-absorbente","status":"publish","type":"product","link":"https:\/\/ortopediagorgo.com.ar\/?product=comfeel-plus-extra-absorbente","title":{"rendered":"Comfeel\u00ae Plus Extra Absorbente"},"content":{"rendered":"<p>Los ap\u00f3sitos hidrocoloides Comfeel Plus est\u00e1n indicados para una amplia variedad de heridas con exudado bajo a moderado. Los ap\u00f3sitos est\u00e1n indicados para las heridas cr\u00f3nicas, como \u00falceras de pierna y \u00falceras por presi\u00f3n, y tambi\u00e9n para\u00a0heridas agudas, como quemaduras superficiales, quemaduras superficiales de espesor parcial, sitios donantes, heridas postoperatorias y excoriaciones cut\u00e1neas. El ap\u00f3sito puede dejarse colocado durante un m\u00e1ximo de 7 d\u00edas, seg\u00fan las caracter\u00edsticas espec\u00edficas de la herida. Comfeel Plus puede utilizarse como ap\u00f3sito primario o secundario.<\/p>\n<p><b>Presentaci\u00f3n<\/b><\/p>\n<table class=\"table-data product-variations-table\">\n<thead>\n<tr>\n<th class=\"sort sort-up\">Nombre del Producto<\/th>\n<th>C\u00f3digo del \u00edtem<\/th>\n<th>Medida<\/th>\n<th><\/th>\n<\/tr>\n<\/thead>\n<tbody>\n<tr>\n<td data-title=\"Nombre del Producto\">Comfeel<sup data-char=\"\u00ae\">\u00ae<\/sup>\u00a0Plus Extra Absorbente<\/td>\n<td data-title=\"C\u00f3digo del \u00edtem\">33146<\/td>\n<td data-title=\"Medida\">4&#215;6 cm<\/td>\n<td data-title=\"Unidades\/Caja\"><\/td>\n<\/tr>\n<tr>\n<td data-title=\"Nombre del Producto\">Comfeel<sup data-char=\"\u00ae\">\u00ae<\/sup>\u00a0Plus Extra Absorbente<\/td>\n<td data-title=\"C\u00f3digo del \u00edtem\">33110<\/td>\n<td data-title=\"Medida\">10&#215;10 cm<\/td>\n<td data-title=\"Unidades\/Caja\"><\/td>\n<\/tr>\n<tr>\n<td data-title=\"Nombre del Producto\">Comfeel<sup data-char=\"\u00ae\">\u00ae<\/sup>\u00a0Plus Extra Absorbente<\/td>\n<td data-title=\"C\u00f3digo del \u00edtem\">33115<\/td>\n<td data-title=\"Medida\">15&#215;15 cm<\/td>\n<td data-title=\"Unidades\/Caja\"><\/td>\n<\/tr>\n<tr>\n<td data-title=\"Nombre del Producto\">Comfeel<sup data-char=\"\u00ae\">\u00ae<\/sup>\u00a0Plus Extra Absorbente<\/td>\n<td data-title=\"C\u00f3digo del \u00edtem\">33120<\/td>\n<td data-title=\"Medida\">20&#215;20 cm<\/td>\n<td data-title=\"Unidades\/Caja\"><\/td>\n<\/tr>\n<tr>\n<td data-title=\"Nombre del Producto\">Comfeel<sup data-char=\"\u00ae\">\u00ae<\/sup>\u00a0Plus Sacro<\/td>\n<td data-title=\"C\u00f3digo del \u00edtem\">33285<\/td>\n<td data-title=\"Medida\">17&#215;17 cm<\/td>\n<td data-title=\"Unidades\/Caja\"><\/td>\n<\/tr>\n<tr>\n<td data-title=\"Nombre del Producto\">Comfeel<sup data-char=\"\u00ae\">\u00ae<\/sup>\u00a0Plus Contour<\/td>\n<td data-title=\"C\u00f3digo del \u00edtem\">33280<\/td>\n<td data-title=\"Medida\">6&#215;8 cm<\/td>\n<td data-title=\"Unidades\/Caja\"><\/td>\n<\/tr>\n<tr>\n<td data-title=\"Nombre del Producto\">Comfeel<sup data-char=\"\u00ae\">\u00ae<\/sup>\u00a0Plus Contour<\/td>\n<td data-title=\"C\u00f3digo del \u00edtem\">33283<\/td>\n<td data-title=\"Medida\">9&#215;11 cm<\/td>\n<\/tr>\n<\/tbody>\n<\/table>\n","protected":false},"excerpt":{"rendered":"<p>Protecci\u00f3n asegurada. Cicatrizaci\u00f3n m\u00e1s r\u00e1pida (En comparaci\u00f3n con una curaci\u00f3n tradicional de heridas).<br \/>\nAp\u00f3sitos hidrocoloides para cura h\u00fameda de heridas.<br \/>\nComfeel<sup data-char=\"\u00ae\">\u00ae<\/sup>\u00a0Plus proporciona los beneficios de una cura\u00a0h\u00fameda de heridas y brinda protecci\u00f3n para las heridas y la piel en riesgo.<\/p>\n","protected":false},"featured_media":0,"comment_status":"open","ping_status":"closed","template":"","meta":{"_monsterinsights_skip_tracking":false,"_monsterinsights_sitenote_active":false,"_monsterinsights_sitenote_note":"","_monsterinsights_sitenote_category":0},"product_brand":[],"product_cat":[166],"product_tag":[167,172,168,169],"class_list":{"0":"post-2136","1":"product","2":"type-product","3":"status-publish","5":"product_cat-coloplast-cuidador-heridas","6":"product_tag-coloplast","7":"product_tag-curacion","8":"product_tag-heridas","9":"product_tag-ulceras","11":"first","12":"instock","13":"shipping-taxable","14":"product-type-simple"},"_links":{"self":[{"href":"https:\/\/ortopediagorgo.com.ar\/index.php?rest_route=\/wp\/v2\/product\/2136","targetHints":{"allow":["GET"]}}],"collection":[{"href":"https:\/\/ortopediagorgo.com.ar\/index.php?rest_route=\/wp\/v2\/product"}],"about":[{"href":"https:\/\/ortopediagorgo.com.ar\/index.php?rest_route=\/wp\/v2\/types\/product"}],"replies":[{"embeddable":true,"href":"https:\/\/ortopediagorgo.com.ar\/index.php?rest_route=%2Fwp%2Fv2%2Fcomments&post=2136"}],"version-history":[{"count":1,"href":"https:\/\/ortopediagorgo.com.ar\/index.php?rest_route=\/wp\/v2\/product\/2136\/revisions"}],"predecessor-version":[{"id":2137,"href":"https:\/\/ortopediagorgo.com.ar\/index.php?rest_route=\/wp\/v2\/product\/2136\/revisions\/2137"}],"wp:attachment":[{"href":"https:\/\/ortopediagorgo.com.ar\/index.php?rest_route=%2Fwp%2Fv2%2Fmedia&parent=2136"}],"wp:term":[{"taxonomy":"product_brand","embeddable":true,"href":"https:\/\/ortopediagorgo.com.ar\/index.php?rest_route=%2Fwp%2Fv2%2Fproduct_brand&post=2136"},{"taxonomy":"product_cat","embeddable":true,"href":"https:\/\/ortopediagorgo.com.ar\/index.php?rest_route=%2Fwp%2Fv2%2Fproduct_cat&post=2136"},{"taxonomy":"product_tag","embeddable":true,"href":"https:\/\/ortopediagorgo.com.ar\/index.php?rest_route=%2Fwp%2Fv2%2Fproduct_tag&post=2136"}],"curies":[{"name":"wp","href":"https:\/\/api.w.org\/{rel}","templated":true}]}}