{"id":2138,"date":"2020-12-26T17:38:33","date_gmt":"2020-12-26T17:38:33","guid":{"rendered":"http:\/\/ortopediagorgo.com.ar\/?post_type=product&#038;p=2138"},"modified":"2021-01-07T15:42:14","modified_gmt":"2021-01-07T18:42:14","slug":"comfeel-plus-transparente","status":"publish","type":"product","link":"https:\/\/ortopediagorgo.com.ar\/?product=comfeel-plus-transparente","title":{"rendered":"Comfeel\u00ae Plus Transparente"},"content":{"rendered":"<p>El ap\u00f3sito hidrocoloide Comfeel Plus Transparente est\u00e1 indicado para una amplia variedad de heridas con poco o sin exudado. Comfeel Plus Transparente est\u00e1 indicado para heridas cr\u00f3nicas, como \u00falceras de pierna y por presi\u00f3n, y heridas agudas como quemaduras superficiales, quemaduras superficiales de espesor parcial, sitios donantes, heridas postoperatorias y excoriaciones cut\u00e1neas. El ap\u00f3sito puede dejarse colocado durante un m\u00e1ximo de 7 d\u00edas, seg\u00fan las caracter\u00edsticas espec\u00edficas de la herida. Comfeel Plus Transparente puede utilizarse como ap\u00f3sito primario o secundario.<\/p>\n<p><b>Presentaci\u00f3n<\/b><\/p>\n<table class=\"table-data product-variations-table\">\n<thead>\n<tr>\n<th class=\"sort sort-up\">Nombre del Producto<\/th>\n<th>C\u00f3digo del \u00edtem<\/th>\n<th>Medida<\/th>\n<th><\/th>\n<\/tr>\n<\/thead>\n<tbody>\n<tr>\n<td data-title=\"Nombre del Producto\">Comfeel<sup data-char=\"\u00ae\">\u00ae<\/sup>\u00a0Plus Transparente<\/td>\n<td data-title=\"C\u00f3digo del \u00edtem\">33530<\/td>\n<td data-title=\"Medida\">5&#215;7 cm<\/td>\n<td data-title=\"Unidades\/Caja\"><\/td>\n<\/tr>\n<tr>\n<td data-title=\"Nombre del Producto\">Comfeel<sup data-char=\"\u00ae\">\u00ae<\/sup>\u00a0Plus Transparente<\/td>\n<td data-title=\"C\u00f3digo del \u00edtem\">33533<\/td>\n<td data-title=\"Medida\">10&#215;10 cm<\/td>\n<td data-title=\"Unidades\/Caja\"><\/td>\n<\/tr>\n<tr>\n<td data-title=\"Nombre del Producto\">Comfeel<sup data-char=\"\u00ae\">\u00ae<\/sup>\u00a0Plus Transparente<\/td>\n<td data-title=\"C\u00f3digo del \u00edtem\">33536<\/td>\n<td data-title=\"Medida\">9&#215;14 cm<\/td>\n<td data-title=\"Unidades\/Caja\"><\/td>\n<\/tr>\n<tr>\n<td data-title=\"Nombre del Producto\">Comfeel<sup data-char=\"\u00ae\">\u00ae<\/sup>\u00a0Plus Transparente<\/td>\n<td data-title=\"C\u00f3digo del \u00edtem\">33542<\/td>\n<td data-title=\"Medida\">15&#215;20 cm<\/td>\n<td data-title=\"Unidades\/Caja\"><\/td>\n<\/tr>\n<tr>\n<td data-title=\"Nombre del Producto\">Comfeel<sup data-char=\"\u00ae\">\u00ae<\/sup>\u00a0Plus Transparente<\/td>\n<td data-title=\"C\u00f3digo del \u00edtem\">33545<\/td>\n<td data-title=\"Medida\">20&#215;20 cm<\/td>\n<td data-title=\"Unidades\/Caja\"><\/td>\n<\/tr>\n<tr>\n<td data-title=\"Nombre del Producto\">Comfeel<sup data-char=\"\u00ae\">\u00ae<\/sup>\u00a0Plus Transparente<\/td>\n<td data-title=\"C\u00f3digo del \u00edtem\">33548<\/td>\n<td data-title=\"Medida\">5&#215;25 cm<\/td>\n<td data-title=\"Unidades\/Caja\"><\/td>\n<\/tr>\n<tr>\n<td data-title=\"Nombre del Producto\">Comfeel<sup data-char=\"\u00ae\">\u00ae<\/sup>\u00a0Plus Transparente<\/td>\n<td data-title=\"C\u00f3digo del \u00edtem\">33539<\/td>\n<td data-title=\"Medida\">15&#215;15 cm<\/td>\n<td data-title=\"Unidades\/Caja\"><\/td>\n<\/tr>\n<\/tbody>\n<\/table>\n","protected":false},"excerpt":{"rendered":"<p>Protecci\u00f3n asegurada. Cicatrizaci\u00f3n m\u00e1s r\u00e1pida.*<br \/>\nAp\u00f3sito hidrocoloide para cura h\u00fameda de heridas. Comfeel Plus Transparente proporciona los beneficios de la\u00a0cura \u00a0h\u00fameda de heridas y brinda protecci\u00f3n para las heridas y la piel en riesgo.<\/p>\n","protected":false},"featured_media":0,"comment_status":"open","ping_status":"closed","template":"","meta":{"_monsterinsights_skip_tracking":false,"_monsterinsights_sitenote_active":false,"_monsterinsights_sitenote_note":"","_monsterinsights_sitenote_category":0},"product_brand":[],"product_cat":[166],"product_tag":[173,172,170,169],"class_list":{"0":"post-2138","1":"product","2":"type-product","3":"status-publish","5":"product_cat-coloplast-cuidador-heridas","6":"product_tag-colplast","7":"product_tag-curacion","8":"product_tag-escaras","9":"product_tag-ulceras","11":"first","12":"instock","13":"shipping-taxable","14":"product-type-simple"},"_links":{"self":[{"href":"https:\/\/ortopediagorgo.com.ar\/index.php?rest_route=\/wp\/v2\/product\/2138","targetHints":{"allow":["GET"]}}],"collection":[{"href":"https:\/\/ortopediagorgo.com.ar\/index.php?rest_route=\/wp\/v2\/product"}],"about":[{"href":"https:\/\/ortopediagorgo.com.ar\/index.php?rest_route=\/wp\/v2\/types\/product"}],"replies":[{"embeddable":true,"href":"https:\/\/ortopediagorgo.com.ar\/index.php?rest_route=%2Fwp%2Fv2%2Fcomments&post=2138"}],"version-history":[{"count":1,"href":"https:\/\/ortopediagorgo.com.ar\/index.php?rest_route=\/wp\/v2\/product\/2138\/revisions"}],"predecessor-version":[{"id":2139,"href":"https:\/\/ortopediagorgo.com.ar\/index.php?rest_route=\/wp\/v2\/product\/2138\/revisions\/2139"}],"wp:attachment":[{"href":"https:\/\/ortopediagorgo.com.ar\/index.php?rest_route=%2Fwp%2Fv2%2Fmedia&parent=2138"}],"wp:term":[{"taxonomy":"product_brand","embeddable":true,"href":"https:\/\/ortopediagorgo.com.ar\/index.php?rest_route=%2Fwp%2Fv2%2Fproduct_brand&post=2138"},{"taxonomy":"product_cat","embeddable":true,"href":"https:\/\/ortopediagorgo.com.ar\/index.php?rest_route=%2Fwp%2Fv2%2Fproduct_cat&post=2138"},{"taxonomy":"product_tag","embeddable":true,"href":"https:\/\/ortopediagorgo.com.ar\/index.php?rest_route=%2Fwp%2Fv2%2Fproduct_tag&post=2138"}],"curies":[{"name":"wp","href":"https:\/\/api.w.org\/{rel}","templated":true}]}}