{"id":2143,"date":"2020-12-26T17:47:45","date_gmt":"2020-12-26T17:47:45","guid":{"rendered":"http:\/\/ortopediagorgo.com.ar\/?post_type=product&#038;p=2143"},"modified":"2022-06-20T02:34:52","modified_gmt":"2022-06-20T05:34:52","slug":"purilon","status":"publish","type":"product","link":"https:\/\/ortopediagorgo.com.ar\/?product=purilon","title":{"rendered":"Purilon\u00ae"},"content":{"rendered":"<p>Purilon gel\u00a0<sup data-char=\"\u00ae\">\u00ae<\/sup>\u00a0est\u00e1 indicado para las heridas necr\u00f3ticas secas y con desprendimiento, as\u00ed como para las heridas con una mezcla de tejido necr\u00f3tico y granulado, como \u00falceras de pierna, \u00falceras por presi\u00f3n, \u00falceras de pie diab\u00e9tico no infectadas, y puede utilizarse para quemaduras de primer y segundo grado.El gel puede aplicarse durante todo el proceso de cicatrizaci\u00f3n, a fin de procurar un ambiente h\u00famedo de cicatrizaci\u00f3n. Purilon gel<sup data-char=\"\u00ae\">\u00ae<\/sup>\u00a0debe utilizarse junto con un ap\u00f3sito secundario.<\/p>\n<p>&nbsp;<\/p>\n","protected":false},"excerpt":{"rendered":"<p>Purilon<sup data-char=\"\u00ae\">\u00ae<\/sup>\u00a0es un\u00a0 hidrogel suave elaborado con ingredientes naturales sin ning\u00fan aditivo. Est\u00e1 indicado para heridas que requieren un desbridamiento efectivo y delicado del tejido necr\u00f3tico, lo que facilita una cicatrizaci\u00f3n m\u00e1s r\u00e1pida de la herida.<\/p>\n","protected":false},"featured_media":2440,"comment_status":"open","ping_status":"closed","template":"","meta":{"_monsterinsights_skip_tracking":false,"_monsterinsights_sitenote_active":false,"_monsterinsights_sitenote_note":"","_monsterinsights_sitenote_category":0},"product_brand":[],"product_cat":[166],"product_tag":[173,168,177,169],"class_list":{"0":"post-2143","1":"product","2":"type-product","3":"status-publish","4":"has-post-thumbnail","6":"product_cat-coloplast-cuidador-heridas","7":"product_tag-colplast","8":"product_tag-heridas","9":"product_tag-purilon","10":"product_tag-ulceras","12":"first","13":"instock","14":"shipping-taxable","15":"product-type-simple"},"_links":{"self":[{"href":"https:\/\/ortopediagorgo.com.ar\/index.php?rest_route=\/wp\/v2\/product\/2143","targetHints":{"allow":["GET"]}}],"collection":[{"href":"https:\/\/ortopediagorgo.com.ar\/index.php?rest_route=\/wp\/v2\/product"}],"about":[{"href":"https:\/\/ortopediagorgo.com.ar\/index.php?rest_route=\/wp\/v2\/types\/product"}],"replies":[{"embeddable":true,"href":"https:\/\/ortopediagorgo.com.ar\/index.php?rest_route=%2Fwp%2Fv2%2Fcomments&post=2143"}],"version-history":[{"count":1,"href":"https:\/\/ortopediagorgo.com.ar\/index.php?rest_route=\/wp\/v2\/product\/2143\/revisions"}],"predecessor-version":[{"id":2144,"href":"https:\/\/ortopediagorgo.com.ar\/index.php?rest_route=\/wp\/v2\/product\/2143\/revisions\/2144"}],"wp:featuredmedia":[{"embeddable":true,"href":"https:\/\/ortopediagorgo.com.ar\/index.php?rest_route=\/wp\/v2\/media\/2440"}],"wp:attachment":[{"href":"https:\/\/ortopediagorgo.com.ar\/index.php?rest_route=%2Fwp%2Fv2%2Fmedia&parent=2143"}],"wp:term":[{"taxonomy":"product_brand","embeddable":true,"href":"https:\/\/ortopediagorgo.com.ar\/index.php?rest_route=%2Fwp%2Fv2%2Fproduct_brand&post=2143"},{"taxonomy":"product_cat","embeddable":true,"href":"https:\/\/ortopediagorgo.com.ar\/index.php?rest_route=%2Fwp%2Fv2%2Fproduct_cat&post=2143"},{"taxonomy":"product_tag","embeddable":true,"href":"https:\/\/ortopediagorgo.com.ar\/index.php?rest_route=%2Fwp%2Fv2%2Fproduct_tag&post=2143"}],"curies":[{"name":"wp","href":"https:\/\/api.w.org\/{rel}","templated":true}]}}