{"id":2194,"date":"2020-12-26T20:54:05","date_gmt":"2020-12-26T20:54:05","guid":{"rendered":"http:\/\/ortopediagorgo.com.ar\/?post_type=product&#038;p=2194"},"modified":"2021-01-06T19:49:14","modified_gmt":"2021-01-06T22:49:14","slug":"conveen-security-bolsa-de-pierna","status":"publish","type":"product","link":"https:\/\/ortopediagorgo.com.ar\/?product=conveen-security-bolsa-de-pierna","title":{"rendered":"Conveen\u00ae Security+ Bolsa de Pierna"},"content":{"rendered":"<p class=\"e-heading e-heading--2 -new\"><strong>Descripci\u00f3n de producto<\/strong><\/p>\n<div class=\"c-product-detail__info-description\">\n<div class=\"c-line-clamp -clamp-needed\">\n<div class=\"c-line-clamp__text\">\n<ul>\n<li>Opci\u00f3n de cierre con pinza o tap\u00f3n<\/li>\n<li>La salida con pinza facilita la verificaci\u00f3n del cierre correcto<\/li>\n<li>El tap\u00f3n de desagote es f\u00e1cil de operar<\/li>\n<li>Parte posterior suave para m\u00e1s comodidad durante el uso<\/li>\n<li>Los tubos resistentes a torsi\u00f3n reducen el riesgo de reflujo y previenen los escapes accidentales<\/li>\n<li>Libre de PVC y ftalatos<\/li>\n<li>Dispositivo \u00fanico para tomar muestras (opcional) que elimina el riesgo de lesiones por punci\u00f3n de aguja<\/li>\n<li>La extensi\u00f3n del tubo de salida previene el contacto con la orina al vaciarla<\/li>\n<li>Dise\u00f1o discreto y actual<\/li>\n<li>Combinaci\u00f3n de colores para que sea menos visible debajo de la ropa<\/li>\n<\/ul>\n<p><strong>Beneficios Clave<\/strong><\/p>\n<p>Las bolsas de pierna Conveen\u00ae Security+ incluyen tubos resistentes a la torsi\u00f3n que reducen el riesgo de reflujo.<\/p>\n<ul>\n<li>La v\u00e1lvula de salida con dise\u00f1o personalizado es f\u00e1cil de operar y tambi\u00e9n\u2019 f\u00e1cil de verificar que est\u00e9\u2019 cerrada correctamente.<\/li>\n<li>La consistencia suave de la parte posterior hace que sea c\u00f3modo usarlas.<\/li>\n<li>El dise\u00f1o en c\u00e1maras reduce las salpicaduras al moverse.<\/li>\n<li>El discreto dise\u00f1o y el esquema de colores reducen la visibilidad de la bolsa\u2019 debajo de la ropa.<\/li>\n<\/ul>\n<p>Es importante encontrar la combinaci\u00f3n de colectores urinarios y de bolsas colectoras de orina que se adapten a sus necesidades y estilo de vida.<br \/>\nSi bien Conveen\u00ae es una soluci\u00f3n personalizable, le recomendamos que responda algunas preguntas para identificar qu\u00e9 colector y bolsa son los m\u00e1s adecuados para usted.<\/p>\n<\/div>\n<p>Cod. 5161 &#8211; Volumen 500ml<\/p>\n<\/div>\n<\/div>\n","protected":false},"excerpt":{"rendered":"<p>Bolsa colectora de orina segura y confiable con tubos resistentes a torsi\u00f3n para prevenir los escapes accidentales de orina. Libre de PVC y ftalatos.<\/p>\n","protected":false},"featured_media":2373,"comment_status":"open","ping_status":"closed","template":"","meta":{"_monsterinsights_skip_tracking":false,"_monsterinsights_sitenote_active":false,"_monsterinsights_sitenote_note":"","_monsterinsights_sitenote_category":0},"product_brand":[],"product_cat":[165],"product_tag":[197,196,167,190,193],"class_list":{"0":"post-2194","1":"product","2":"type-product","3":"status-publish","4":"has-post-thumbnail","6":"product_cat-incontinencia-coloplast","7":"product_tag-ambuilatoria","8":"product_tag-bolsa","9":"product_tag-coloplast","10":"product_tag-incontinencia","11":"product_tag-orina","13":"first","14":"instock","15":"shipping-taxable","16":"product-type-simple"},"_links":{"self":[{"href":"https:\/\/ortopediagorgo.com.ar\/index.php?rest_route=\/wp\/v2\/product\/2194","targetHints":{"allow":["GET"]}}],"collection":[{"href":"https:\/\/ortopediagorgo.com.ar\/index.php?rest_route=\/wp\/v2\/product"}],"about":[{"href":"https:\/\/ortopediagorgo.com.ar\/index.php?rest_route=\/wp\/v2\/types\/product"}],"replies":[{"embeddable":true,"href":"https:\/\/ortopediagorgo.com.ar\/index.php?rest_route=%2Fwp%2Fv2%2Fcomments&post=2194"}],"version-history":[{"count":1,"href":"https:\/\/ortopediagorgo.com.ar\/index.php?rest_route=\/wp\/v2\/product\/2194\/revisions"}],"predecessor-version":[{"id":2195,"href":"https:\/\/ortopediagorgo.com.ar\/index.php?rest_route=\/wp\/v2\/product\/2194\/revisions\/2195"}],"wp:featuredmedia":[{"embeddable":true,"href":"https:\/\/ortopediagorgo.com.ar\/index.php?rest_route=\/wp\/v2\/media\/2373"}],"wp:attachment":[{"href":"https:\/\/ortopediagorgo.com.ar\/index.php?rest_route=%2Fwp%2Fv2%2Fmedia&parent=2194"}],"wp:term":[{"taxonomy":"product_brand","embeddable":true,"href":"https:\/\/ortopediagorgo.com.ar\/index.php?rest_route=%2Fwp%2Fv2%2Fproduct_brand&post=2194"},{"taxonomy":"product_cat","embeddable":true,"href":"https:\/\/ortopediagorgo.com.ar\/index.php?rest_route=%2Fwp%2Fv2%2Fproduct_cat&post=2194"},{"taxonomy":"product_tag","embeddable":true,"href":"https:\/\/ortopediagorgo.com.ar\/index.php?rest_route=%2Fwp%2Fv2%2Fproduct_tag&post=2194"}],"curies":[{"name":"wp","href":"https:\/\/api.w.org\/{rel}","templated":true}]}}