{"id":2236,"date":"2020-12-26T23:22:45","date_gmt":"2020-12-26T23:22:45","guid":{"rendered":"http:\/\/ortopediagorgo.com.ar\/?post_type=product&#038;p=2236"},"modified":"2021-01-06T16:40:25","modified_gmt":"2021-01-06T19:40:25","slug":"bolsa-alterna-1-pieza","status":"publish","type":"product","link":"https:\/\/ortopediagorgo.com.ar\/?product=bolsa-alterna-1-pieza","title":{"rendered":"Bolsa Alterna\u00ae 1 pieza"},"content":{"rendered":"<h4>Adhesivo en espiral para seguridad y cuidado de la piel<\/h4>\n<div>El adhesivo en espiral Alterna es una combinaci\u00f3n de materiales dise\u00f1ados para ofrecer seguridad y protecci\u00f3n de la piel en una estructura espiralada para:<\/div>\n<ul>\n<li>Adherencia segura a la piel<\/li>\n<li>Absorci\u00f3n de la humedad de la piel, ofreciendo cuidado y protecci\u00f3n contra la irritaci\u00f3n<\/li>\n<\/ul>\n<p><strong>Bolsa Alterna Cerrada<\/strong><\/p>\n<p>Cod. 056870 &#8211; Maxi | Di\u00e1metro del disco adhesivo: 10-70 mm &#8211; Transparente<br \/>\nCod. 012580 &#8211; Maxi | Di\u00e1metro del disco adhesivo: 10-70 mm &#8211; Opaca<\/p>\n<p class=\"e-heading -new e-heading--1\"><strong>Alterna\u00ae 1 pieza abierta<\/strong><\/p>\n<p>Cod. 059850 &#8211; Maxi | Di\u00e1metro del disco adhesivo: 10-70 mm &#8211; Transparente<br \/>\nCod. 012490 &#8211; Maxi| Di\u00e1metro del disco adhesivo: 10-70 mm &#8211; Opaca<\/p>\n<p class=\"e-heading -new e-heading--1\"><strong>Alterna\u00ae 1 pieza urostom\u00eda<\/strong><\/p>\n<p>Cod. 055850 &#8211; Maxi | Di\u00e1metro del disco adhesivo: 10-55 mm<\/p>\n","protected":false},"excerpt":{"rendered":"<p>Adhesivo en espiral para seguridad y cuidado de la piel El adhesivo en espiral Alterna es una combinaci\u00f3n de materiales dise\u00f1ados para ofrecer seguridad y protecci\u00f3n de la piel en una estructura espiralada para: Adherencia segura a la piel Absorci\u00f3n de la humedad de la piel, ofreciendo cuidado y protecci\u00f3n contra la irritaci\u00f3n Bolsa Alterna &hellip;<\/p>\n<p class=\"read-more\"> <a class=\"\" href=\"https:\/\/ortopediagorgo.com.ar\/?product=bolsa-alterna-1-pieza\"> <span class=\"screen-reader-text\">Bolsa Alterna\u00ae 1 pieza<\/span> Leer m\u00e1s &raquo;<\/a><\/p>\n","protected":false},"featured_media":2335,"comment_status":"open","ping_status":"closed","template":"","meta":{"_monsterinsights_skip_tracking":false,"_monsterinsights_sitenote_active":false,"_monsterinsights_sitenote_note":"","_monsterinsights_sitenote_category":0},"product_brand":[],"product_cat":[164],"product_tag":[196,167,180],"class_list":{"0":"post-2236","1":"product","2":"type-product","3":"status-publish","4":"has-post-thumbnail","6":"product_cat-ostomia-colostomia-urostomia","7":"product_tag-bolsa","8":"product_tag-coloplast","9":"product_tag-colostomia","11":"first","12":"instock","13":"shipping-taxable","14":"product-type-simple"},"_links":{"self":[{"href":"https:\/\/ortopediagorgo.com.ar\/index.php?rest_route=\/wp\/v2\/product\/2236","targetHints":{"allow":["GET"]}}],"collection":[{"href":"https:\/\/ortopediagorgo.com.ar\/index.php?rest_route=\/wp\/v2\/product"}],"about":[{"href":"https:\/\/ortopediagorgo.com.ar\/index.php?rest_route=\/wp\/v2\/types\/product"}],"replies":[{"embeddable":true,"href":"https:\/\/ortopediagorgo.com.ar\/index.php?rest_route=%2Fwp%2Fv2%2Fcomments&post=2236"}],"version-history":[{"count":1,"href":"https:\/\/ortopediagorgo.com.ar\/index.php?rest_route=\/wp\/v2\/product\/2236\/revisions"}],"predecessor-version":[{"id":2237,"href":"https:\/\/ortopediagorgo.com.ar\/index.php?rest_route=\/wp\/v2\/product\/2236\/revisions\/2237"}],"wp:featuredmedia":[{"embeddable":true,"href":"https:\/\/ortopediagorgo.com.ar\/index.php?rest_route=\/wp\/v2\/media\/2335"}],"wp:attachment":[{"href":"https:\/\/ortopediagorgo.com.ar\/index.php?rest_route=%2Fwp%2Fv2%2Fmedia&parent=2236"}],"wp:term":[{"taxonomy":"product_brand","embeddable":true,"href":"https:\/\/ortopediagorgo.com.ar\/index.php?rest_route=%2Fwp%2Fv2%2Fproduct_brand&post=2236"},{"taxonomy":"product_cat","embeddable":true,"href":"https:\/\/ortopediagorgo.com.ar\/index.php?rest_route=%2Fwp%2Fv2%2Fproduct_cat&post=2236"},{"taxonomy":"product_tag","embeddable":true,"href":"https:\/\/ortopediagorgo.com.ar\/index.php?rest_route=%2Fwp%2Fv2%2Fproduct_tag&post=2236"}],"curies":[{"name":"wp","href":"https:\/\/api.w.org\/{rel}","templated":true}]}}