{"id":2294,"date":"2020-12-28T18:18:59","date_gmt":"2020-12-28T21:18:59","guid":{"rendered":"http:\/\/ortopediagorgo.com.ar\/?post_type=product&#038;p=2294"},"modified":"2020-12-28T18:18:59","modified_gmt":"2020-12-28T21:18:59","slug":"vendaje-neuromuscular","status":"publish","type":"product","link":"https:\/\/ortopediagorgo.com.ar\/?product=vendaje-neuromuscular","title":{"rendered":"Vendaje Neuromuscular"},"content":{"rendered":"<p>El vendaje neuromuscular o kinesiotaping consiste en cintas de algod\u00f3n con un adhesivo acr\u00edlico que se utilizan con la intenci\u00f3n de tratar lesiones de atletas y otros trastornos f\u00edsicos.<br \/>\nTambi\u00e9n ayuda a reducir la inflamaci\u00f3n y mejora la circulaci\u00f3n, ya que el hecho de que sea un adhesivo levanta la capa de la piel haciendo que haya m\u00e1s espacio debajo de ella para que pase mejor tanto el flujo de la sangre como el de los fluidos linf\u00e1ticos.<\/p>\n<p><b>Presentaci\u00f3n<\/b><\/p>\n<p>5cm (ancho) x 5 mt (largo)<\/p>\n","protected":false},"excerpt":{"rendered":"<p>El vendaje neuromuscular o kinesiotaping consiste en cintas de algod\u00f3n con un adhesivo acr\u00edlico que se utilizan con la intenci\u00f3n de tratar lesiones de atletas y otros trastornos f\u00edsicos. Tambi\u00e9n ayuda a reducir la inflamaci\u00f3n y mejora la circulaci\u00f3n, ya que el hecho de que sea un adhesivo levanta la capa de la piel haciendo &hellip;<\/p>\n<p class=\"read-more\"> <a class=\"\" href=\"https:\/\/ortopediagorgo.com.ar\/?product=vendaje-neuromuscular\"> <span class=\"screen-reader-text\">Vendaje Neuromuscular<\/span> Leer m\u00e1s &raquo;<\/a><\/p>\n","protected":false},"featured_media":2295,"comment_status":"open","ping_status":"closed","template":"","meta":{"_monsterinsights_skip_tracking":false,"_monsterinsights_sitenote_active":false,"_monsterinsights_sitenote_note":"","_monsterinsights_sitenote_category":0},"product_brand":[],"product_cat":[135],"product_tag":[219,221,220,218,217],"class_list":{"0":"post-2294","1":"product","2":"type-product","3":"status-publish","4":"has-post-thumbnail","6":"product_cat-fisiorterapia-ejercicio-recuperacion","7":"product_tag-lesion","8":"product_tag-ligamento","9":"product_tag-muscular","10":"product_tag-neuromuscular","11":"product_tag-vendaje","13":"first","14":"instock","15":"shipping-taxable","16":"product-type-simple"},"_links":{"self":[{"href":"https:\/\/ortopediagorgo.com.ar\/index.php?rest_route=\/wp\/v2\/product\/2294","targetHints":{"allow":["GET"]}}],"collection":[{"href":"https:\/\/ortopediagorgo.com.ar\/index.php?rest_route=\/wp\/v2\/product"}],"about":[{"href":"https:\/\/ortopediagorgo.com.ar\/index.php?rest_route=\/wp\/v2\/types\/product"}],"replies":[{"embeddable":true,"href":"https:\/\/ortopediagorgo.com.ar\/index.php?rest_route=%2Fwp%2Fv2%2Fcomments&post=2294"}],"version-history":[{"count":1,"href":"https:\/\/ortopediagorgo.com.ar\/index.php?rest_route=\/wp\/v2\/product\/2294\/revisions"}],"predecessor-version":[{"id":2296,"href":"https:\/\/ortopediagorgo.com.ar\/index.php?rest_route=\/wp\/v2\/product\/2294\/revisions\/2296"}],"wp:featuredmedia":[{"embeddable":true,"href":"https:\/\/ortopediagorgo.com.ar\/index.php?rest_route=\/wp\/v2\/media\/2295"}],"wp:attachment":[{"href":"https:\/\/ortopediagorgo.com.ar\/index.php?rest_route=%2Fwp%2Fv2%2Fmedia&parent=2294"}],"wp:term":[{"taxonomy":"product_brand","embeddable":true,"href":"https:\/\/ortopediagorgo.com.ar\/index.php?rest_route=%2Fwp%2Fv2%2Fproduct_brand&post=2294"},{"taxonomy":"product_cat","embeddable":true,"href":"https:\/\/ortopediagorgo.com.ar\/index.php?rest_route=%2Fwp%2Fv2%2Fproduct_cat&post=2294"},{"taxonomy":"product_tag","embeddable":true,"href":"https:\/\/ortopediagorgo.com.ar\/index.php?rest_route=%2Fwp%2Fv2%2Fproduct_tag&post=2294"}],"curies":[{"name":"wp","href":"https:\/\/api.w.org\/{rel}","templated":true}]}}