{"id":2304,"date":"2020-12-28T18:40:43","date_gmt":"2020-12-28T21:40:43","guid":{"rendered":"http:\/\/ortopediagorgo.com.ar\/?post_type=product&#038;p=2304"},"modified":"2020-12-28T19:01:04","modified_gmt":"2020-12-28T22:01:04","slug":"inodoro-aluminio-reforzado-hasta-150kg","status":"publish","type":"product","link":"https:\/\/ortopediagorgo.com.ar\/?product=inodoro-aluminio-reforzado-hasta-150kg","title":{"rendered":"Inodoro Portatil Reforzado (hasta 150kg)"},"content":{"rendered":"<p>Excelente opci\u00f3n para pacientes de hasta 150kg. <span style=\"vertical-align: inherit;\">El inodoro port\u00e1til tiene una estructura de ca\u00f1o, pintado (color blanco) de 1\u00a8 pulgada. Su uso para pacientes con movilidad reducida, ya que al adaptarle una bacinilla, puede utilizar en la habitaci\u00f3n sin la necesidad de ir hasta el ba\u00f1o, y tambi\u00e9n para pacientes que tienen la necesidad de elevar la altura del inodoro.<\/span><\/p>\n<p><strong>Caracter\u00edsticas<\/strong><\/p>\n<p>Ancho Total: 66cm<br \/>\nAltura m\u00e1xima del asiento:<br \/>\nAltura m\u00ednima del asiento:<br \/>\nPeso m\u00e1ximo del paciente: 150kg<\/p>\n","protected":false},"excerpt":{"rendered":"<p>Excelente opci\u00f3n para pacientes de hasta 150kg. El inodoro port\u00e1til tiene una estructura de ca\u00f1o, pintado (color blanco) de 1\u00a8 pulgada. Su uso para pacientes con movilidad reducida, ya que al adaptarle una bacinilla, puede utilizar en la habitaci\u00f3n sin la necesidad de ir hasta el ba\u00f1o, y tambi\u00e9n para pacientes que tienen la necesidad &hellip;<\/p>\n<p class=\"read-more\"> <a class=\"\" href=\"https:\/\/ortopediagorgo.com.ar\/?product=inodoro-aluminio-reforzado-hasta-150kg\"> <span class=\"screen-reader-text\">Inodoro Portatil Reforzado (hasta 150kg)<\/span> Leer m\u00e1s &raquo;<\/a><\/p>\n","protected":false},"featured_media":2302,"comment_status":"open","ping_status":"closed","template":"","meta":{"_monsterinsights_skip_tracking":false,"_monsterinsights_sitenote_active":false,"_monsterinsights_sitenote_note":"","_monsterinsights_sitenote_category":0},"product_brand":[],"product_cat":[63],"product_tag":[78,64,65,92],"class_list":{"0":"post-2304","1":"product","2":"type-product","3":"status-publish","4":"has-post-thumbnail","6":"product_cat-inodoro-portatil-silla-barras","7":"product_tag-bano","8":"product_tag-inodoro","9":"product_tag-portatil","10":"product_tag-reforzado","12":"first","13":"instock","14":"shipping-taxable","15":"product-type-simple"},"_links":{"self":[{"href":"https:\/\/ortopediagorgo.com.ar\/index.php?rest_route=\/wp\/v2\/product\/2304","targetHints":{"allow":["GET"]}}],"collection":[{"href":"https:\/\/ortopediagorgo.com.ar\/index.php?rest_route=\/wp\/v2\/product"}],"about":[{"href":"https:\/\/ortopediagorgo.com.ar\/index.php?rest_route=\/wp\/v2\/types\/product"}],"replies":[{"embeddable":true,"href":"https:\/\/ortopediagorgo.com.ar\/index.php?rest_route=%2Fwp%2Fv2%2Fcomments&post=2304"}],"version-history":[{"count":3,"href":"https:\/\/ortopediagorgo.com.ar\/index.php?rest_route=\/wp\/v2\/product\/2304\/revisions"}],"predecessor-version":[{"id":2318,"href":"https:\/\/ortopediagorgo.com.ar\/index.php?rest_route=\/wp\/v2\/product\/2304\/revisions\/2318"}],"wp:featuredmedia":[{"embeddable":true,"href":"https:\/\/ortopediagorgo.com.ar\/index.php?rest_route=\/wp\/v2\/media\/2302"}],"wp:attachment":[{"href":"https:\/\/ortopediagorgo.com.ar\/index.php?rest_route=%2Fwp%2Fv2%2Fmedia&parent=2304"}],"wp:term":[{"taxonomy":"product_brand","embeddable":true,"href":"https:\/\/ortopediagorgo.com.ar\/index.php?rest_route=%2Fwp%2Fv2%2Fproduct_brand&post=2304"},{"taxonomy":"product_cat","embeddable":true,"href":"https:\/\/ortopediagorgo.com.ar\/index.php?rest_route=%2Fwp%2Fv2%2Fproduct_cat&post=2304"},{"taxonomy":"product_tag","embeddable":true,"href":"https:\/\/ortopediagorgo.com.ar\/index.php?rest_route=%2Fwp%2Fv2%2Fproduct_tag&post=2304"}],"curies":[{"name":"wp","href":"https:\/\/api.w.org\/{rel}","templated":true}]}}