{"id":2501,"date":"2021-01-11T18:03:07","date_gmt":"2021-01-11T21:03:07","guid":{"rendered":"http:\/\/ortopediagorgo.com.ar\/?post_type=product&#038;p=2501"},"modified":"2021-01-11T18:03:07","modified_gmt":"2021-01-11T21:03:07","slug":"almohadilla-plantar","status":"publish","type":"product","link":"https:\/\/ortopediagorgo.com.ar\/?product=almohadilla-plantar","title":{"rendered":"ALMOHADILLA PLANTAR"},"content":{"rendered":"<p>Ayuda a reducir la presi\u00f3n en el<br \/>\nmetatarso, a la vez que brinda una m\u00e1xima<br \/>\ncomodidad. Reduce el impacto y proporciona<br \/>\nuna distribuci\u00f3n pareja de la presi\u00f3n en la<br \/>\nparte anterior del pie.<br \/>\nAt\u00f3xico &#8211; Hipoalerg\u00e9nico.<\/p>\n","protected":false},"excerpt":{"rendered":"<p>Ayuda a reducir la presi\u00f3n en el metatarso, a la vez que brinda una m\u00e1xima comodidad. Reduce el impacto y proporciona una distribuci\u00f3n pareja de la presi\u00f3n en la parte anterior del pie. At\u00f3xico &#8211; Hipoalerg\u00e9nico.<\/p>\n","protected":false},"featured_media":2450,"comment_status":"open","ping_status":"closed","template":"","meta":{"_monsterinsights_skip_tracking":false,"_monsterinsights_sitenote_active":false,"_monsterinsights_sitenote_note":"","_monsterinsights_sitenote_category":0},"product_brand":[],"product_cat":[203],"product_tag":[59,235,209,240,230],"class_list":{"0":"post-2501","1":"product","2":"type-product","3":"status-publish","4":"has-post-thumbnail","6":"product_cat-gelpolimero-pie-lesiones","7":"product_tag-almohadilla","8":"product_tag-gel","9":"product_tag-pie","10":"product_tag-plantar","11":"product_tag-silicona","13":"first","14":"instock","15":"shipping-taxable","16":"product-type-simple"},"_links":{"self":[{"href":"https:\/\/ortopediagorgo.com.ar\/index.php?rest_route=\/wp\/v2\/product\/2501","targetHints":{"allow":["GET"]}}],"collection":[{"href":"https:\/\/ortopediagorgo.com.ar\/index.php?rest_route=\/wp\/v2\/product"}],"about":[{"href":"https:\/\/ortopediagorgo.com.ar\/index.php?rest_route=\/wp\/v2\/types\/product"}],"replies":[{"embeddable":true,"href":"https:\/\/ortopediagorgo.com.ar\/index.php?rest_route=%2Fwp%2Fv2%2Fcomments&post=2501"}],"version-history":[{"count":1,"href":"https:\/\/ortopediagorgo.com.ar\/index.php?rest_route=\/wp\/v2\/product\/2501\/revisions"}],"predecessor-version":[{"id":2502,"href":"https:\/\/ortopediagorgo.com.ar\/index.php?rest_route=\/wp\/v2\/product\/2501\/revisions\/2502"}],"wp:featuredmedia":[{"embeddable":true,"href":"https:\/\/ortopediagorgo.com.ar\/index.php?rest_route=\/wp\/v2\/media\/2450"}],"wp:attachment":[{"href":"https:\/\/ortopediagorgo.com.ar\/index.php?rest_route=%2Fwp%2Fv2%2Fmedia&parent=2501"}],"wp:term":[{"taxonomy":"product_brand","embeddable":true,"href":"https:\/\/ortopediagorgo.com.ar\/index.php?rest_route=%2Fwp%2Fv2%2Fproduct_brand&post=2501"},{"taxonomy":"product_cat","embeddable":true,"href":"https:\/\/ortopediagorgo.com.ar\/index.php?rest_route=%2Fwp%2Fv2%2Fproduct_cat&post=2501"},{"taxonomy":"product_tag","embeddable":true,"href":"https:\/\/ortopediagorgo.com.ar\/index.php?rest_route=%2Fwp%2Fv2%2Fproduct_tag&post=2501"}],"curies":[{"name":"wp","href":"https:\/\/api.w.org\/{rel}","templated":true}]}}