{"id":2565,"date":"2021-01-11T19:00:36","date_gmt":"2021-01-11T22:00:36","guid":{"rendered":"http:\/\/ortopediagorgo.com.ar\/?post_type=product&#038;p=2565"},"modified":"2021-01-11T19:00:36","modified_gmt":"2021-01-11T22:00:36","slug":"medias-3-4-compresion-alta-20-30-mmhg","status":"publish","type":"product","link":"https:\/\/ortopediagorgo.com.ar\/?product=medias-3-4-compresion-alta-20-30-mmhg","title":{"rendered":"Medias 3\/4 Compresi\u00f3n alta 20-30 mmHG"},"content":{"rendered":"<p>Recomendadas para v\u00e1rices fuertes e insuficiencia venosa cr\u00f3nica, prevenci\u00f3n de trombosis y despu\u00e9s de curaci\u00f3n de \u00falceras. Son muy suaves y de larga duraci\u00f3n.<\/p>\n<p>&nbsp;<\/p>\n<p>SIN PUNTERA<\/p>\n<p><strong>MARCAS:<\/strong><br \/>\nIBICI<br \/>\nGELFORM<\/p>\n","protected":false},"excerpt":{"rendered":"<ul>\n<li>Instrumento terap\u00e9utico calificado en el tratamiento de venas varicosas esenciales.<\/li>\n<li>\u00dalceras varicosas<\/li>\n<li>Eficaz en los sindromes post-fleb\u00edticos<\/li>\n<li>Linfedemas<\/li>\n<\/ul>\n","protected":false},"featured_media":2542,"comment_status":"open","ping_status":"closed","template":"","meta":{"_monsterinsights_skip_tracking":false,"_monsterinsights_sitenote_active":false,"_monsterinsights_sitenote_note":"","_monsterinsights_sitenote_category":0},"product_brand":[],"product_cat":[202],"product_tag":[121,265,270],"class_list":{"0":"post-2565","1":"product","2":"type-product","3":"status-publish","4":"has-post-thumbnail","6":"product_cat-medias-terapeuticas-compresion","7":"product_tag-compresion","8":"product_tag-medias","9":"product_tag-varices","11":"first","12":"instock","13":"shipping-taxable","14":"product-type-simple"},"_links":{"self":[{"href":"https:\/\/ortopediagorgo.com.ar\/index.php?rest_route=\/wp\/v2\/product\/2565","targetHints":{"allow":["GET"]}}],"collection":[{"href":"https:\/\/ortopediagorgo.com.ar\/index.php?rest_route=\/wp\/v2\/product"}],"about":[{"href":"https:\/\/ortopediagorgo.com.ar\/index.php?rest_route=\/wp\/v2\/types\/product"}],"replies":[{"embeddable":true,"href":"https:\/\/ortopediagorgo.com.ar\/index.php?rest_route=%2Fwp%2Fv2%2Fcomments&post=2565"}],"version-history":[{"count":1,"href":"https:\/\/ortopediagorgo.com.ar\/index.php?rest_route=\/wp\/v2\/product\/2565\/revisions"}],"predecessor-version":[{"id":2566,"href":"https:\/\/ortopediagorgo.com.ar\/index.php?rest_route=\/wp\/v2\/product\/2565\/revisions\/2566"}],"wp:featuredmedia":[{"embeddable":true,"href":"https:\/\/ortopediagorgo.com.ar\/index.php?rest_route=\/wp\/v2\/media\/2542"}],"wp:attachment":[{"href":"https:\/\/ortopediagorgo.com.ar\/index.php?rest_route=%2Fwp%2Fv2%2Fmedia&parent=2565"}],"wp:term":[{"taxonomy":"product_brand","embeddable":true,"href":"https:\/\/ortopediagorgo.com.ar\/index.php?rest_route=%2Fwp%2Fv2%2Fproduct_brand&post=2565"},{"taxonomy":"product_cat","embeddable":true,"href":"https:\/\/ortopediagorgo.com.ar\/index.php?rest_route=%2Fwp%2Fv2%2Fproduct_cat&post=2565"},{"taxonomy":"product_tag","embeddable":true,"href":"https:\/\/ortopediagorgo.com.ar\/index.php?rest_route=%2Fwp%2Fv2%2Fproduct_tag&post=2565"}],"curies":[{"name":"wp","href":"https:\/\/api.w.org\/{rel}","templated":true}]}}