{"id":2779,"date":"2021-01-12T20:06:36","date_gmt":"2021-01-12T23:06:36","guid":{"rendered":"http:\/\/ortopediagorgo.com.ar\/?post_type=product&#038;p=2779"},"modified":"2021-01-12T20:06:36","modified_gmt":"2021-01-12T23:06:36","slug":"estetoscopio-doble-profesional-pediatrico","status":"publish","type":"product","link":"https:\/\/ortopediagorgo.com.ar\/?product=estetoscopio-doble-profesional-pediatrico","title":{"rendered":"Estetoscopio Doble Profesional Pedi\u00e1trico"},"content":{"rendered":"<p>Uso Pedi\u00e1trico<br \/>\nDoble campana de acero inoxidable<br \/>\nCampana de 40 mm. de di\u00e1metro<br \/>\nCampana peque\u00f1a para auscultaci\u00f3n de sonidos leves<br \/>\nAlmohadillas con dise\u00f1o ergon\u00f3mico<br \/>\nDoble anillo antifr\u00edo.<br \/>\nGarant\u00eda: 1 a\u00f1o<br \/>\nManual en castellano<br \/>\nAprobado por ANMAT PM 236-83<br \/>\nColores: Negro, Azul marino, Celeste y Violeta. Por favor antes de clickear en \u201cComprar\u201d seleccione el color entre los disponibles.<br \/>\nIncluye par de olivas y membrana de repuesto<\/p>\n","protected":false},"excerpt":{"rendered":"<p>Campana doble pedi\u00e1trico de 40 mm de di\u00e1metro. Acero inoxidable. Almohadillas ergon\u00f3micas y doble anillo antifr\u00edo.<\/p>\n","protected":false},"featured_media":2757,"comment_status":"open","ping_status":"closed","template":"","meta":{"_monsterinsights_skip_tracking":false,"_monsterinsights_sitenote_active":false,"_monsterinsights_sitenote_note":"","_monsterinsights_sitenote_category":0},"product_brand":[],"product_cat":[300],"product_tag":[299,296,284,57],"class_list":{"0":"post-2779","1":"product","2":"type-product","3":"status-publish","4":"has-post-thumbnail","6":"product_cat-estetoscopio-salud-medico-esteto","7":"product_tag-estetoscopio","8":"product_tag-medicos","9":"product_tag-pediatrico","10":"product_tag-salud","12":"first","13":"instock","14":"shipping-taxable","15":"product-type-simple"},"_links":{"self":[{"href":"https:\/\/ortopediagorgo.com.ar\/index.php?rest_route=\/wp\/v2\/product\/2779","targetHints":{"allow":["GET"]}}],"collection":[{"href":"https:\/\/ortopediagorgo.com.ar\/index.php?rest_route=\/wp\/v2\/product"}],"about":[{"href":"https:\/\/ortopediagorgo.com.ar\/index.php?rest_route=\/wp\/v2\/types\/product"}],"replies":[{"embeddable":true,"href":"https:\/\/ortopediagorgo.com.ar\/index.php?rest_route=%2Fwp%2Fv2%2Fcomments&post=2779"}],"version-history":[{"count":1,"href":"https:\/\/ortopediagorgo.com.ar\/index.php?rest_route=\/wp\/v2\/product\/2779\/revisions"}],"predecessor-version":[{"id":2780,"href":"https:\/\/ortopediagorgo.com.ar\/index.php?rest_route=\/wp\/v2\/product\/2779\/revisions\/2780"}],"wp:featuredmedia":[{"embeddable":true,"href":"https:\/\/ortopediagorgo.com.ar\/index.php?rest_route=\/wp\/v2\/media\/2757"}],"wp:attachment":[{"href":"https:\/\/ortopediagorgo.com.ar\/index.php?rest_route=%2Fwp%2Fv2%2Fmedia&parent=2779"}],"wp:term":[{"taxonomy":"product_brand","embeddable":true,"href":"https:\/\/ortopediagorgo.com.ar\/index.php?rest_route=%2Fwp%2Fv2%2Fproduct_brand&post=2779"},{"taxonomy":"product_cat","embeddable":true,"href":"https:\/\/ortopediagorgo.com.ar\/index.php?rest_route=%2Fwp%2Fv2%2Fproduct_cat&post=2779"},{"taxonomy":"product_tag","embeddable":true,"href":"https:\/\/ortopediagorgo.com.ar\/index.php?rest_route=%2Fwp%2Fv2%2Fproduct_tag&post=2779"}],"curies":[{"name":"wp","href":"https:\/\/api.w.org\/{rel}","templated":true}]}}