{"id":2783,"date":"2021-01-12T20:13:15","date_gmt":"2021-01-12T23:13:15","guid":{"rendered":"http:\/\/ortopediagorgo.com.ar\/?post_type=product&#038;p=2783"},"modified":"2021-01-12T20:13:24","modified_gmt":"2021-01-12T23:13:24","slug":"estetoscopio-doble-profesional-adulto","status":"publish","type":"product","link":"https:\/\/ortopediagorgo.com.ar\/?product=estetoscopio-doble-profesional-adulto","title":{"rendered":"Estetoscopio Doble Profesional Adulto"},"content":{"rendered":"<ul>\n<li>Para pacientes adulto<\/li>\n<li>Doble campana de acero inoxidable<\/li>\n<li>Campana de 48 mm. de di\u00e1metro<\/li>\n<li>Campana peque\u00f1a para auscultaci\u00f3n de sonidos leves<\/li>\n<li>Almohadillas con dise\u00f1o ergon\u00f3mico<\/li>\n<li>Doble anillo antifr\u00edo.<\/li>\n<li>Garant\u00eda: 1 a\u00f1o<\/li>\n<li>Aprobado por ANMAT PM 236-83<\/li>\n<li>Incluye par de olivas y membrana de repuesto<\/li>\n<\/ul>\n","protected":false},"excerpt":{"rendered":"<p>Campana doble de 48 mm de di\u00e1metro. Campana c\u00f3nica peque\u00f1a de acero inoxidable. Almohadillas ergon\u00f3micas y doble anillo antifr\u00edo.<\/p>\n","protected":false},"featured_media":2760,"comment_status":"open","ping_status":"closed","template":"","meta":{"_monsterinsights_skip_tracking":false,"_monsterinsights_sitenote_active":false,"_monsterinsights_sitenote_note":"","_monsterinsights_sitenote_category":0},"product_brand":[],"product_cat":[300],"product_tag":[],"class_list":{"0":"post-2783","1":"product","2":"type-product","3":"status-publish","4":"has-post-thumbnail","6":"product_cat-estetoscopio-salud-medico-esteto","8":"first","9":"instock","10":"shipping-taxable","11":"product-type-simple"},"_links":{"self":[{"href":"https:\/\/ortopediagorgo.com.ar\/index.php?rest_route=\/wp\/v2\/product\/2783","targetHints":{"allow":["GET"]}}],"collection":[{"href":"https:\/\/ortopediagorgo.com.ar\/index.php?rest_route=\/wp\/v2\/product"}],"about":[{"href":"https:\/\/ortopediagorgo.com.ar\/index.php?rest_route=\/wp\/v2\/types\/product"}],"replies":[{"embeddable":true,"href":"https:\/\/ortopediagorgo.com.ar\/index.php?rest_route=%2Fwp%2Fv2%2Fcomments&post=2783"}],"version-history":[{"count":1,"href":"https:\/\/ortopediagorgo.com.ar\/index.php?rest_route=\/wp\/v2\/product\/2783\/revisions"}],"predecessor-version":[{"id":2784,"href":"https:\/\/ortopediagorgo.com.ar\/index.php?rest_route=\/wp\/v2\/product\/2783\/revisions\/2784"}],"wp:featuredmedia":[{"embeddable":true,"href":"https:\/\/ortopediagorgo.com.ar\/index.php?rest_route=\/wp\/v2\/media\/2760"}],"wp:attachment":[{"href":"https:\/\/ortopediagorgo.com.ar\/index.php?rest_route=%2Fwp%2Fv2%2Fmedia&parent=2783"}],"wp:term":[{"taxonomy":"product_brand","embeddable":true,"href":"https:\/\/ortopediagorgo.com.ar\/index.php?rest_route=%2Fwp%2Fv2%2Fproduct_brand&post=2783"},{"taxonomy":"product_cat","embeddable":true,"href":"https:\/\/ortopediagorgo.com.ar\/index.php?rest_route=%2Fwp%2Fv2%2Fproduct_cat&post=2783"},{"taxonomy":"product_tag","embeddable":true,"href":"https:\/\/ortopediagorgo.com.ar\/index.php?rest_route=%2Fwp%2Fv2%2Fproduct_tag&post=2783"}],"curies":[{"name":"wp","href":"https:\/\/api.w.org\/{rel}","templated":true}]}}