{"id":2796,"date":"2021-01-14T15:33:46","date_gmt":"2021-01-14T18:33:46","guid":{"rendered":"http:\/\/ortopediagorgo.com.ar\/?post_type=product&#038;p=2796"},"modified":"2022-10-07T05:21:20","modified_gmt":"2022-10-07T08:21:20","slug":"faja-ballenada-lumbar-28-cm","status":"publish","type":"product","link":"https:\/\/ortopediagorgo.com.ar\/?product=faja-ballenada-lumbar-28-cm","title":{"rendered":"FAJA BALLENADA LUMBAR \u2013 28 CM"},"content":{"rendered":"<p>-Confeccionada en el\u00e1stico resistente, nivel de contenci\u00f3n III: poli\u00e9ster 52% \u2013 goma 29% \u2013 nylon 19%.<br \/>\n-Ajuste perfecto.\u00a0Cierre regulable en abrojo.<br \/>\n-Incluye cinco varillas posteriores.<br \/>\n-Posee una sobrebanda de contenci\u00f3n lumbar.<\/p>\n<p>\u00bfQu\u00e9 usos se le da?<\/p>\n<p>-Estabilizador de la regi\u00f3n lumbar.<br \/>\n-Ideal para lumbalgias, hernias, artrosis, malestares posturales, contracturas, lesiones musculares y post operatorio.<br \/>\n-Acompa\u00f1a tus actividades diarias, para per\u00edodos de recuperaci\u00f3n y rehabilitaci\u00f3n.<\/p>\n<p><strong>\u00bfQU\u00c9 MEDIDAS TIENE?<\/strong><\/p>\n<p><span class=\"comment\">Seg\u00fan la circunferencia de la cintura.<br \/>\n_Talle 1: circunferencia de cintura desde 60 cm hasta 75 cm.<br \/>\n_Talle 2: circunferencia de cintura desde 72 cm hasta 85 cm.<br \/>\n_Talle 3: circunferencia de cintura desde 85 cm hasta 105 cm.<br \/>\n_Talle 4: circunferencia de cintura desde 100 cm hasta 120 cm<br \/>\nAltura de 24 cm.<\/span><\/p>\n","protected":false},"excerpt":{"rendered":"<p>Talles: 1-2-3-4<br \/>\n<span class=\"comment\">Altura de 24 cm.<\/span><\/p>\n","protected":false},"featured_media":2793,"comment_status":"open","ping_status":"closed","template":"","meta":{"_monsterinsights_skip_tracking":false,"_monsterinsights_sitenote_active":false,"_monsterinsights_sitenote_note":"","_monsterinsights_sitenote_category":0},"product_brand":[],"product_cat":[115],"product_tag":[],"class_list":{"0":"post-2796","1":"product","2":"type-product","3":"status-publish","4":"has-post-thumbnail","6":"product_cat-espalda-cuello-hombros","8":"first","9":"instock","10":"shipping-taxable","11":"product-type-simple"},"_links":{"self":[{"href":"https:\/\/ortopediagorgo.com.ar\/index.php?rest_route=\/wp\/v2\/product\/2796","targetHints":{"allow":["GET"]}}],"collection":[{"href":"https:\/\/ortopediagorgo.com.ar\/index.php?rest_route=\/wp\/v2\/product"}],"about":[{"href":"https:\/\/ortopediagorgo.com.ar\/index.php?rest_route=\/wp\/v2\/types\/product"}],"replies":[{"embeddable":true,"href":"https:\/\/ortopediagorgo.com.ar\/index.php?rest_route=%2Fwp%2Fv2%2Fcomments&post=2796"}],"version-history":[{"count":1,"href":"https:\/\/ortopediagorgo.com.ar\/index.php?rest_route=\/wp\/v2\/product\/2796\/revisions"}],"predecessor-version":[{"id":2797,"href":"https:\/\/ortopediagorgo.com.ar\/index.php?rest_route=\/wp\/v2\/product\/2796\/revisions\/2797"}],"wp:featuredmedia":[{"embeddable":true,"href":"https:\/\/ortopediagorgo.com.ar\/index.php?rest_route=\/wp\/v2\/media\/2793"}],"wp:attachment":[{"href":"https:\/\/ortopediagorgo.com.ar\/index.php?rest_route=%2Fwp%2Fv2%2Fmedia&parent=2796"}],"wp:term":[{"taxonomy":"product_brand","embeddable":true,"href":"https:\/\/ortopediagorgo.com.ar\/index.php?rest_route=%2Fwp%2Fv2%2Fproduct_brand&post=2796"},{"taxonomy":"product_cat","embeddable":true,"href":"https:\/\/ortopediagorgo.com.ar\/index.php?rest_route=%2Fwp%2Fv2%2Fproduct_cat&post=2796"},{"taxonomy":"product_tag","embeddable":true,"href":"https:\/\/ortopediagorgo.com.ar\/index.php?rest_route=%2Fwp%2Fv2%2Fproduct_tag&post=2796"}],"curies":[{"name":"wp","href":"https:\/\/api.w.org\/{rel}","templated":true}]}}