{"id":3138,"date":"2025-03-19T16:05:04","date_gmt":"2025-03-19T19:05:04","guid":{"rendered":"http:\/\/ortopediagorgo.com.ar\/?post_type=product&#038;p=3138"},"modified":"2026-04-13T17:33:09","modified_gmt":"2026-04-13T20:33:09","slug":"suplemento-elevainodoro-acolchado","status":"publish","type":"product","link":"https:\/\/ortopediagorgo.com.ar\/?product=suplemento-elevainodoro-acolchado","title":{"rendered":"Elevainodoro acolchado con tapa"},"content":{"rendered":"<h2 dir=\"ltr\">\u00bfCu\u00e1ndo usar un suplemento para inodoro?<\/h2>\n<p dir=\"ltr\">Debilidad de los m\u00fasculos de la cintura pelviana, artritis de cadera, artroplastia de cadera, s\u00edndromes del desacondicionamiento f\u00edsico y post operatorios. Discapacidad. Comodidad en per\u00edodos de recuperaci\u00f3n. Asistencia para personas mayores.<\/p>\n<p dir=\"ltr\"><strong>Instrucciones de uso<\/strong><\/p>\n<p dir=\"ltr\">1. Quitar la tapa de inodoro tradicional<\/p>\n<p dir=\"ltr\">2. Posicionar el suplemento sobre la base del inodoro y sujetarlo con firmeza mediante los tornillos de ajuste que provee el producto.<\/p>\n<p dir=\"ltr\"><strong>Confecci\u00f3n<\/strong><\/p>\n<p dir=\"ltr\">Suplemento elaborado en eje de aluminio y tornillos de seguridad con conjunto de fijaci\u00f3n reforzado. Asiento acolchado para mayor confort y alivio de malestares en el apoyo. Transportable. Rebajo posterior y apertura frontal . Facilita la higiene personal. Permite limpiar la taza con el asiento instalado. La particularidad de este modelo es la tapa acolchada, para brindar alivio y evitar malestares en el apoyo y es transportable.<\/p>\n<p dir=\"ltr\"><strong>Alturas de 11.5cm o 16.5cm.<\/strong><\/p>\n<p dir=\"ltr\"><strong>Cuidados<\/strong><\/p>\n<p dir=\"ltr\">Lavar con agua fr\u00eda. No planchar.\u00a0 Secar a la sombra.\u00a0 Evitar contacto con cremas, detergentes, solventes y\/o derivados del petr\u00f3leo.<\/p>\n<p dir=\"ltr\">Recomendaciones:<\/p>\n<p dir=\"ltr\">El tama\u00f1o a seleccionar depender\u00e1 de la altura de la base donde se aplicar\u00e1 y de la persona. Para conocer cual elegir tomar la medida desde el piso hasta la posici\u00f3n ideal.<\/p>\n","protected":false},"excerpt":{"rendered":"<p dir=\"ltr\">El suplemento es un accesorio que ayuda a brindar mayor bienestar, al facilitar la higiene y comodidad de la persona.<\/p>\n<p dir=\"ltr\">Este dise\u00f1o es muy elegido dado su practicidad y funcionalidad.<\/p>\n","protected":false},"featured_media":4077,"comment_status":"open","ping_status":"closed","template":"","meta":{"_monsterinsights_skip_tracking":false,"_monsterinsights_sitenote_active":false,"_monsterinsights_sitenote_note":"","_monsterinsights_sitenote_category":0},"product_brand":[],"product_cat":[63],"product_tag":[],"class_list":{"0":"post-3138","1":"product","2":"type-product","3":"status-publish","4":"has-post-thumbnail","6":"product_cat-inodoro-portatil-silla-barras","8":"first","9":"instock","10":"shipping-taxable","11":"product-type-simple"},"_links":{"self":[{"href":"https:\/\/ortopediagorgo.com.ar\/index.php?rest_route=\/wp\/v2\/product\/3138","targetHints":{"allow":["GET"]}}],"collection":[{"href":"https:\/\/ortopediagorgo.com.ar\/index.php?rest_route=\/wp\/v2\/product"}],"about":[{"href":"https:\/\/ortopediagorgo.com.ar\/index.php?rest_route=\/wp\/v2\/types\/product"}],"replies":[{"embeddable":true,"href":"https:\/\/ortopediagorgo.com.ar\/index.php?rest_route=%2Fwp%2Fv2%2Fcomments&post=3138"}],"version-history":[{"count":2,"href":"https:\/\/ortopediagorgo.com.ar\/index.php?rest_route=\/wp\/v2\/product\/3138\/revisions"}],"predecessor-version":[{"id":3656,"href":"https:\/\/ortopediagorgo.com.ar\/index.php?rest_route=\/wp\/v2\/product\/3138\/revisions\/3656"}],"wp:featuredmedia":[{"embeddable":true,"href":"https:\/\/ortopediagorgo.com.ar\/index.php?rest_route=\/wp\/v2\/media\/4077"}],"wp:attachment":[{"href":"https:\/\/ortopediagorgo.com.ar\/index.php?rest_route=%2Fwp%2Fv2%2Fmedia&parent=3138"}],"wp:term":[{"taxonomy":"product_brand","embeddable":true,"href":"https:\/\/ortopediagorgo.com.ar\/index.php?rest_route=%2Fwp%2Fv2%2Fproduct_brand&post=3138"},{"taxonomy":"product_cat","embeddable":true,"href":"https:\/\/ortopediagorgo.com.ar\/index.php?rest_route=%2Fwp%2Fv2%2Fproduct_cat&post=3138"},{"taxonomy":"product_tag","embeddable":true,"href":"https:\/\/ortopediagorgo.com.ar\/index.php?rest_route=%2Fwp%2Fv2%2Fproduct_tag&post=3138"}],"curies":[{"name":"wp","href":"https:\/\/api.w.org\/{rel}","templated":true}]}}