{"id":3188,"date":"2025-07-17T16:53:49","date_gmt":"2025-07-17T19:53:49","guid":{"rendered":"http:\/\/ortopediagorgo.com.ar\/?post_type=product&#038;p=3188"},"modified":"2025-07-17T16:53:49","modified_gmt":"2025-07-17T19:53:49","slug":"ducha-portatil-theraaqua-theramart","status":"publish","type":"product","link":"https:\/\/ortopediagorgo.com.ar\/?product=ducha-portatil-theraaqua-theramart","title":{"rendered":"Ducha Portatil Theraaqua THERAMART"},"content":{"rendered":"<p><strong>Muy pocas veces los pacientes en cama disfrutan del contacto real con agua durante su internaci\u00f3n o cuidado en casa. <\/strong>Y si el paciente tiene cierta autonom\u00eda, se sentir\u00e1n dignos al recuperar el control de su higiene personal.<\/p>\n<p>Obt\u00e9n un ba\u00f1o c\u00f3modo y reconfortante en cualquier lugar.<br \/>\nUtil\u00edzalo f\u00e1cilmente y gana independencia.<br \/>\nSimplifica el aseo. 9Lts de capacidad y manguera de largo alcance.<br \/>\nEvita ensuciar de m\u00e1s. TheraAqua se instala y desinstala r\u00e1pido.<\/p>\n<p>&nbsp;<\/p>\n<p><strong>Material:<\/strong>\u00a0Bolsa de Eco PVC de 0.35mm<br \/>\nManguera y ducha de PP.<\/p>\n","protected":false},"excerpt":{"rendered":"<p><strong>Muy pocas veces los pacientes en cama disfrutan del contacto real con agua durante su internaci\u00f3n o cuidado en casa.<\/strong><\/p>\n","protected":false},"featured_media":3189,"comment_status":"open","ping_status":"closed","template":"","meta":{"_monsterinsights_skip_tracking":false,"_monsterinsights_sitenote_active":false,"_monsterinsights_sitenote_note":"","_monsterinsights_sitenote_category":0},"product_brand":[],"product_cat":[63],"product_tag":[],"class_list":{"0":"post-3188","1":"product","2":"type-product","3":"status-publish","4":"has-post-thumbnail","6":"product_cat-inodoro-portatil-silla-barras","8":"first","9":"instock","10":"shipping-taxable","11":"product-type-simple"},"_links":{"self":[{"href":"https:\/\/ortopediagorgo.com.ar\/index.php?rest_route=\/wp\/v2\/product\/3188","targetHints":{"allow":["GET"]}}],"collection":[{"href":"https:\/\/ortopediagorgo.com.ar\/index.php?rest_route=\/wp\/v2\/product"}],"about":[{"href":"https:\/\/ortopediagorgo.com.ar\/index.php?rest_route=\/wp\/v2\/types\/product"}],"replies":[{"embeddable":true,"href":"https:\/\/ortopediagorgo.com.ar\/index.php?rest_route=%2Fwp%2Fv2%2Fcomments&post=3188"}],"version-history":[{"count":1,"href":"https:\/\/ortopediagorgo.com.ar\/index.php?rest_route=\/wp\/v2\/product\/3188\/revisions"}],"predecessor-version":[{"id":3193,"href":"https:\/\/ortopediagorgo.com.ar\/index.php?rest_route=\/wp\/v2\/product\/3188\/revisions\/3193"}],"wp:featuredmedia":[{"embeddable":true,"href":"https:\/\/ortopediagorgo.com.ar\/index.php?rest_route=\/wp\/v2\/media\/3189"}],"wp:attachment":[{"href":"https:\/\/ortopediagorgo.com.ar\/index.php?rest_route=%2Fwp%2Fv2%2Fmedia&parent=3188"}],"wp:term":[{"taxonomy":"product_brand","embeddable":true,"href":"https:\/\/ortopediagorgo.com.ar\/index.php?rest_route=%2Fwp%2Fv2%2Fproduct_brand&post=3188"},{"taxonomy":"product_cat","embeddable":true,"href":"https:\/\/ortopediagorgo.com.ar\/index.php?rest_route=%2Fwp%2Fv2%2Fproduct_cat&post=3188"},{"taxonomy":"product_tag","embeddable":true,"href":"https:\/\/ortopediagorgo.com.ar\/index.php?rest_route=%2Fwp%2Fv2%2Fproduct_tag&post=3188"}],"curies":[{"name":"wp","href":"https:\/\/api.w.org\/{rel}","templated":true}]}}