{"id":3288,"date":"2025-08-13T14:27:38","date_gmt":"2025-08-13T17:27:38","guid":{"rendered":"http:\/\/ortopediagorgo.com.ar\/?post_type=product&#038;p=3288"},"modified":"2025-08-13T14:27:39","modified_gmt":"2025-08-13T17:27:39","slug":"silla-de-ruedas-motorizada-silfab-plegable-s1105ec","status":"publish","type":"product","link":"https:\/\/ortopediagorgo.com.ar\/?product=silla-de-ruedas-motorizada-silfab-plegable-s1105ec","title":{"rendered":"Silla De Ruedas Motorizada Silfab Plegable S1105ec"},"content":{"rendered":"<p>SILLA DE RUEDAS MOTORIZADA CON RUEDAS TRASERAS GRANDES, PLEGABLE (RETIRANDO BATERIAS)<\/p>\n<p>\u00b0Material asiento \/ respaldo: Tela<br \/>\n\u00b0Terminaci\u00f3n :Pintura epoxi<br \/>\n\u00b0Altura asiento :51 cm<br \/>\n\u00b0Altura total: 91 cm<br \/>\n\u00b0Largo asiento: 50 cm<br \/>\n\u00b0Largo respaldo :43 cm<br \/>\n\u00b0Largo total: 108 cm<br \/>\n\u00b0Ancho de Asiento :45 cm<br \/>\n\u00b0Plegable: S\u00ed<br \/>\n\u00b0Ancho Abierto: 67 cm<br \/>\n\u00b0Ancho Cerrado: 67 cm<br \/>\n\u00b0Peso soportado :100 kg<br \/>\n\u00b0Apoya brazos: Rebatibles<br \/>\n\u00b0Pedanas: Desmontables<br \/>\n\u00b0Rueda trasera: 56 cm<br \/>\n\u00b0Autonom\u00eda: 12 km<br \/>\n\u00b0Velocidad M\u00e1xima: 6 km\/h<br \/>\n\u00b0Distancia de Frenado: 1.2 m<br \/>\n\u00b0Altura m\u00e1xima obst\u00e1culos: 12 cm<br \/>\n\u00b0Pendiente M\u00e1xima: 6\u00b0<br \/>\n\u00b0Potencia del Motor: 250 W (c\/u)<br \/>\n\u00b0Opci\u00f3n autopropulsi\u00f3n sin bater\u00edas (agarre en ruedas)<br \/>\n\u00b0Dimensiones del embalaje : 430 x 880 x 820 mm<br \/>\nGarant\u00eda 1 a\u00f1o<\/p>\n","protected":false},"excerpt":{"rendered":"<p>12 km de autonom\u00eda para disfrutar de largas distancias.<\/p>\n<p>Silla de ruedas motorizada con ruedas traseras grandes, plegable (retirando bater\u00edas).<\/p>\n<p>Soporta hasta 100 kg.<\/p>\n<p>Peso de la silla 45kg.<\/p>\n","protected":false},"featured_media":3291,"comment_status":"open","ping_status":"closed","template":"","meta":{"_monsterinsights_skip_tracking":false,"_monsterinsights_sitenote_active":false,"_monsterinsights_sitenote_note":"","_monsterinsights_sitenote_category":0},"product_brand":[],"product_cat":[279],"product_tag":[58,280],"class_list":{"0":"post-3288","1":"product","2":"type-product","3":"status-publish","4":"has-post-thumbnail","6":"product_cat-sillas-de-ruedas","7":"product_tag-silfab","8":"product_tag-silladeruedas","10":"first","11":"instock","12":"shipping-taxable","13":"product-type-simple"},"_links":{"self":[{"href":"https:\/\/ortopediagorgo.com.ar\/index.php?rest_route=\/wp\/v2\/product\/3288","targetHints":{"allow":["GET"]}}],"collection":[{"href":"https:\/\/ortopediagorgo.com.ar\/index.php?rest_route=\/wp\/v2\/product"}],"about":[{"href":"https:\/\/ortopediagorgo.com.ar\/index.php?rest_route=\/wp\/v2\/types\/product"}],"replies":[{"embeddable":true,"href":"https:\/\/ortopediagorgo.com.ar\/index.php?rest_route=%2Fwp%2Fv2%2Fcomments&post=3288"}],"version-history":[{"count":1,"href":"https:\/\/ortopediagorgo.com.ar\/index.php?rest_route=\/wp\/v2\/product\/3288\/revisions"}],"predecessor-version":[{"id":3292,"href":"https:\/\/ortopediagorgo.com.ar\/index.php?rest_route=\/wp\/v2\/product\/3288\/revisions\/3292"}],"wp:featuredmedia":[{"embeddable":true,"href":"https:\/\/ortopediagorgo.com.ar\/index.php?rest_route=\/wp\/v2\/media\/3291"}],"wp:attachment":[{"href":"https:\/\/ortopediagorgo.com.ar\/index.php?rest_route=%2Fwp%2Fv2%2Fmedia&parent=3288"}],"wp:term":[{"taxonomy":"product_brand","embeddable":true,"href":"https:\/\/ortopediagorgo.com.ar\/index.php?rest_route=%2Fwp%2Fv2%2Fproduct_brand&post=3288"},{"taxonomy":"product_cat","embeddable":true,"href":"https:\/\/ortopediagorgo.com.ar\/index.php?rest_route=%2Fwp%2Fv2%2Fproduct_cat&post=3288"},{"taxonomy":"product_tag","embeddable":true,"href":"https:\/\/ortopediagorgo.com.ar\/index.php?rest_route=%2Fwp%2Fv2%2Fproduct_tag&post=3288"}],"curies":[{"name":"wp","href":"https:\/\/api.w.org\/{rel}","templated":true}]}}