{"id":3368,"date":"2025-08-29T16:53:58","date_gmt":"2025-08-29T19:53:58","guid":{"rendered":"http:\/\/ortopediagorgo.com.ar\/?post_type=product&#038;p=3368"},"modified":"2025-08-29T16:53:58","modified_gmt":"2025-08-29T19:53:58","slug":"nebulizador-compresor-a-piston-nb-219c","status":"publish","type":"product","link":"https:\/\/ortopediagorgo.com.ar\/?product=nebulizador-compresor-a-piston-nb-219c","title":{"rendered":"Nebulizador Compresor a Pist\u00f3n NB-219C"},"content":{"rendered":"<div class=\"elementor-element elementor-element-fca0d28 elementor-widget elementor-widget-heading\" data-id=\"fca0d28\" data-element_type=\"widget\" data-widget_type=\"heading.default\">\n<div class=\"elementor-widget-container\">\n<h5 class=\"elementor-heading-title elementor-size-default\">Descripci\u00f3n<\/h5>\n<\/div>\n<\/div>\n<div class=\"elementor-element elementor-element-f15704b elementor-widget elementor-widget-woocommerce-product-content\" data-id=\"f15704b\" data-element_type=\"widget\" data-widget_type=\"woocommerce-product-content.default\">\n<div class=\"elementor-widget-container\">\n<ul>\n<li>Dise\u00f1o conciso y aerodin\u00e1mico.<\/li>\n<li>Operaci\u00f3n \u00abOne-button\u00bb de uso f\u00e1cil.<\/li>\n<li>Altamente efectivo en administraci\u00f3n de la medicaci\u00f3n.<\/li>\n<li>Port\u00e1til para uso dom\u00e9stico y en Cl\u00ednicas.<\/li>\n<li>M\u00e1scaras Adulto y Pedi\u00e1trica<\/li>\n<\/ul>\n<\/div>\n<\/div>\n","protected":false},"excerpt":{"rendered":"<p>\u00bfPor qu\u00e9 usar un nebulizador?<\/p>\n<p>Porque es una de las formas m\u00e1s efectivas y c\u00f3modas de llevar medicamentos directamente a tus pulmones.<br \/>\nAlivia s\u00edntomas respiratorios como:<br \/>\n\u2022 Tos persistente<br \/>\n\u2022 Congesti\u00f3n<br \/>\n\u2022 Asma<br \/>\n\u2022 Bronquitis<br \/>\n\u2022 Alergias<\/p>\n","protected":false},"featured_media":3369,"comment_status":"open","ping_status":"closed","template":"","meta":{"_monsterinsights_skip_tracking":false,"_monsterinsights_sitenote_active":false,"_monsterinsights_sitenote_note":"","_monsterinsights_sitenote_category":0},"product_brand":[],"product_cat":[55],"product_tag":[],"class_list":{"0":"post-3368","1":"product","2":"type-product","3":"status-publish","4":"has-post-thumbnail","6":"product_cat-nebulizadores-aspiradores-aerocamaras","8":"first","9":"instock","10":"shipping-taxable","11":"product-type-simple"},"_links":{"self":[{"href":"https:\/\/ortopediagorgo.com.ar\/index.php?rest_route=\/wp\/v2\/product\/3368","targetHints":{"allow":["GET"]}}],"collection":[{"href":"https:\/\/ortopediagorgo.com.ar\/index.php?rest_route=\/wp\/v2\/product"}],"about":[{"href":"https:\/\/ortopediagorgo.com.ar\/index.php?rest_route=\/wp\/v2\/types\/product"}],"replies":[{"embeddable":true,"href":"https:\/\/ortopediagorgo.com.ar\/index.php?rest_route=%2Fwp%2Fv2%2Fcomments&post=3368"}],"version-history":[{"count":2,"href":"https:\/\/ortopediagorgo.com.ar\/index.php?rest_route=\/wp\/v2\/product\/3368\/revisions"}],"predecessor-version":[{"id":3373,"href":"https:\/\/ortopediagorgo.com.ar\/index.php?rest_route=\/wp\/v2\/product\/3368\/revisions\/3373"}],"wp:featuredmedia":[{"embeddable":true,"href":"https:\/\/ortopediagorgo.com.ar\/index.php?rest_route=\/wp\/v2\/media\/3369"}],"wp:attachment":[{"href":"https:\/\/ortopediagorgo.com.ar\/index.php?rest_route=%2Fwp%2Fv2%2Fmedia&parent=3368"}],"wp:term":[{"taxonomy":"product_brand","embeddable":true,"href":"https:\/\/ortopediagorgo.com.ar\/index.php?rest_route=%2Fwp%2Fv2%2Fproduct_brand&post=3368"},{"taxonomy":"product_cat","embeddable":true,"href":"https:\/\/ortopediagorgo.com.ar\/index.php?rest_route=%2Fwp%2Fv2%2Fproduct_cat&post=3368"},{"taxonomy":"product_tag","embeddable":true,"href":"https:\/\/ortopediagorgo.com.ar\/index.php?rest_route=%2Fwp%2Fv2%2Fproduct_tag&post=3368"}],"curies":[{"name":"wp","href":"https:\/\/api.w.org\/{rel}","templated":true}]}}