{"id":3402,"date":"2025-09-30T15:43:28","date_gmt":"2025-09-30T18:43:28","guid":{"rendered":"http:\/\/ortopediagorgo.com.ar\/?post_type=product&#038;p=3402"},"modified":"2025-09-30T15:45:21","modified_gmt":"2025-09-30T18:45:21","slug":"media-3-4-de-poliamida-compresion-graduada-8-15-mm-hg-art-2l11050","status":"publish","type":"product","link":"https:\/\/ortopediagorgo.com.ar\/?product=media-3-4-de-poliamida-compresion-graduada-8-15-mm-hg-art-2l11050","title":{"rendered":"Media 3\/4 De Poliamida Compresi\u00f3n Graduada 8-15 mm hg (Art. 2L11050)"},"content":{"rendered":"<p>Media 3\/4 De Poliamida Compresi\u00f3n Graduada 8-15 Mm Hg<\/p>\n<p>77% Poliamida<br \/>\n23% Elastano<\/p>\n","protected":false},"excerpt":{"rendered":"<p>Las medias de baja compresi\u00f3n tienen una presi\u00f3n de entre 8 a 15 mmHg. Estas medias son ideales para aquellas personas que tienen problemas leves de circulaci\u00f3n sangu\u00ednea, como varices iniciales, dolor e hinchaz\u00f3n en las piernas despu\u00e9s de un largo d\u00eda de trabajo<\/p>\n","protected":false},"featured_media":3403,"comment_status":"open","ping_status":"closed","template":"","meta":{"_monsterinsights_skip_tracking":false,"_monsterinsights_sitenote_active":false,"_monsterinsights_sitenote_note":"","_monsterinsights_sitenote_category":0},"product_brand":[],"product_cat":[202],"product_tag":[121,229,265],"class_list":{"0":"post-3402","1":"product","2":"type-product","3":"status-publish","4":"has-post-thumbnail","6":"product_cat-medias-terapeuticas-compresion","7":"product_tag-compresion","8":"product_tag-descanso","9":"product_tag-medias","11":"first","12":"instock","13":"shipping-taxable","14":"product-type-simple"},"_links":{"self":[{"href":"https:\/\/ortopediagorgo.com.ar\/index.php?rest_route=\/wp\/v2\/product\/3402","targetHints":{"allow":["GET"]}}],"collection":[{"href":"https:\/\/ortopediagorgo.com.ar\/index.php?rest_route=\/wp\/v2\/product"}],"about":[{"href":"https:\/\/ortopediagorgo.com.ar\/index.php?rest_route=\/wp\/v2\/types\/product"}],"replies":[{"embeddable":true,"href":"https:\/\/ortopediagorgo.com.ar\/index.php?rest_route=%2Fwp%2Fv2%2Fcomments&post=3402"}],"version-history":[{"count":1,"href":"https:\/\/ortopediagorgo.com.ar\/index.php?rest_route=\/wp\/v2\/product\/3402\/revisions"}],"predecessor-version":[{"id":3405,"href":"https:\/\/ortopediagorgo.com.ar\/index.php?rest_route=\/wp\/v2\/product\/3402\/revisions\/3405"}],"wp:featuredmedia":[{"embeddable":true,"href":"https:\/\/ortopediagorgo.com.ar\/index.php?rest_route=\/wp\/v2\/media\/3403"}],"wp:attachment":[{"href":"https:\/\/ortopediagorgo.com.ar\/index.php?rest_route=%2Fwp%2Fv2%2Fmedia&parent=3402"}],"wp:term":[{"taxonomy":"product_brand","embeddable":true,"href":"https:\/\/ortopediagorgo.com.ar\/index.php?rest_route=%2Fwp%2Fv2%2Fproduct_brand&post=3402"},{"taxonomy":"product_cat","embeddable":true,"href":"https:\/\/ortopediagorgo.com.ar\/index.php?rest_route=%2Fwp%2Fv2%2Fproduct_cat&post=3402"},{"taxonomy":"product_tag","embeddable":true,"href":"https:\/\/ortopediagorgo.com.ar\/index.php?rest_route=%2Fwp%2Fv2%2Fproduct_tag&post=3402"}],"curies":[{"name":"wp","href":"https:\/\/api.w.org\/{rel}","templated":true}]}}