{"id":3463,"date":"2025-10-26T23:29:07","date_gmt":"2025-10-27T02:29:07","guid":{"rendered":"http:\/\/ortopediagorgo.com.ar\/?post_type=product&#038;p=3463"},"modified":"2025-10-29T19:28:00","modified_gmt":"2025-10-29T22:28:00","slug":"tensiomtro-automatico-de-muneca-omron-rs2-hem-6161-e","status":"publish","type":"product","link":"https:\/\/ortopediagorgo.com.ar\/?product=tensiomtro-automatico-de-muneca-omron-rs2-hem-6161-e","title":{"rendered":"Tensi\u00f3mtro autom\u00e1tico de mu\u00f1eca OMRON RS2 (HEM-6161-E)"},"content":{"rendered":"<p>Monitor de presi\u00f3n de mu\u00f1eca cl\u00ednicamente validado. Memorias para almacenar las \u00faltimas 30 mediciones , lo cual le permite encontrar mediciones previas con facilidad y monitorear cambios significativos en la presi\u00f3n arterial. Compatible con la App de OMRON Connect para almacenar los datos de mediciones en Smartphone con memorias ilimitadas y compartir los datos con su m\u00e9dico o con miembros de familia.Detector de latido irregular.<\/p>\n<ul>\n<li class=\"ml-4 list-disc\">Gu\u00eda de ajuste del brazalete<\/li>\n<li class=\"ml-4 list-disc\">Detector de latido irregular<\/li>\n<li class=\"ml-4 list-disc\">30 memorias<\/li>\n<\/ul>\n","protected":false},"excerpt":{"rendered":"<p>El Monitor de Presi\u00f3n Arterial Autom\u00e1tico de Mu\u00f1eca HEM-6161-E es muy f\u00e1cil de usar y est\u00e1 cl\u00ednicamente validado con alta precisi\u00f3n de mediciones.<\/p>\n","protected":false},"featured_media":3466,"comment_status":"open","ping_status":"closed","template":"","meta":{"_monsterinsights_skip_tracking":false,"_monsterinsights_sitenote_active":false,"_monsterinsights_sitenote_note":"","_monsterinsights_sitenote_category":0},"product_brand":[],"product_cat":[364],"product_tag":[42,359,360],"class_list":{"0":"post-3463","1":"product","2":"type-product","3":"status-publish","4":"has-post-thumbnail","6":"product_cat-tensiometros-digitales","7":"product_tag-omron","8":"product_tag-presionarterial","9":"product_tag-tensiometrodigital","11":"first","12":"instock","13":"shipping-taxable","14":"product-type-simple"},"_links":{"self":[{"href":"https:\/\/ortopediagorgo.com.ar\/index.php?rest_route=\/wp\/v2\/product\/3463","targetHints":{"allow":["GET"]}}],"collection":[{"href":"https:\/\/ortopediagorgo.com.ar\/index.php?rest_route=\/wp\/v2\/product"}],"about":[{"href":"https:\/\/ortopediagorgo.com.ar\/index.php?rest_route=\/wp\/v2\/types\/product"}],"replies":[{"embeddable":true,"href":"https:\/\/ortopediagorgo.com.ar\/index.php?rest_route=%2Fwp%2Fv2%2Fcomments&post=3463"}],"version-history":[{"count":1,"href":"https:\/\/ortopediagorgo.com.ar\/index.php?rest_route=\/wp\/v2\/product\/3463\/revisions"}],"predecessor-version":[{"id":3467,"href":"https:\/\/ortopediagorgo.com.ar\/index.php?rest_route=\/wp\/v2\/product\/3463\/revisions\/3467"}],"wp:featuredmedia":[{"embeddable":true,"href":"https:\/\/ortopediagorgo.com.ar\/index.php?rest_route=\/wp\/v2\/media\/3466"}],"wp:attachment":[{"href":"https:\/\/ortopediagorgo.com.ar\/index.php?rest_route=%2Fwp%2Fv2%2Fmedia&parent=3463"}],"wp:term":[{"taxonomy":"product_brand","embeddable":true,"href":"https:\/\/ortopediagorgo.com.ar\/index.php?rest_route=%2Fwp%2Fv2%2Fproduct_brand&post=3463"},{"taxonomy":"product_cat","embeddable":true,"href":"https:\/\/ortopediagorgo.com.ar\/index.php?rest_route=%2Fwp%2Fv2%2Fproduct_cat&post=3463"},{"taxonomy":"product_tag","embeddable":true,"href":"https:\/\/ortopediagorgo.com.ar\/index.php?rest_route=%2Fwp%2Fv2%2Fproduct_tag&post=3463"}],"curies":[{"name":"wp","href":"https:\/\/api.w.org\/{rel}","templated":true}]}}