{"id":3563,"date":"2025-11-13T02:13:45","date_gmt":"2025-11-13T05:13:45","guid":{"rendered":"http:\/\/ortopediagorgo.com.ar\/?post_type=product&#038;p=3563"},"modified":"2026-02-25T14:10:54","modified_gmt":"2026-02-25T17:10:54","slug":"silla-de-ducha-inodoro-apoyabrazos-yuwell-h027b","status":"publish","type":"product","link":"https:\/\/ortopediagorgo.com.ar\/?product=silla-de-ducha-inodoro-apoyabrazos-yuwell-h027b","title":{"rendered":"Silla De Ducha + Inodoro Apoyabrazos Yuwell H027b"},"content":{"rendered":"<p>Dise\u00f1ada espec\u00edficamente para su uso en el ba\u00f1o, esta silla cuenta con un respaldo ergon\u00f3mico y apoyabrazos, mejorando la estabilidad y la confianza del usuario.<\/p>\n<p>Con una estructura de pl\u00e1stico reforzado, la silla es un producto resistente y ligero, soportando un peso m\u00e1ximo de hasta 100 kg. Su dise\u00f1o pr\u00e1ctico incluye una bacinilla con tapa higienica, facilitando el uso y haciendo que la experiencia sea m\u00e1s c\u00f3moda y segura.<\/p>\n<p>Sus dimensiones compactas, con una altura total de 55 cm, un ancho de 50 cm y una profundidad de 40 cm, permiten una f\u00e1cil integraci\u00f3n en cualquier ba\u00f1o, sin sacrificar la funcionalidad. Con un peso de solo 4 kg, es f\u00e1cil de mover y colocar seg\u00fan las necesidades del usuario.<\/p>\n<p>La silla Yuwell H027B est\u00e1 pensada para aquellas personas que buscan una soluci\u00f3n que combine seguridad, comodidad y dise\u00f1o pr\u00e1ctico, permitiendo disfrutar de mayor independencia en sus rutinas diarias de higiene.<\/p>\n<p>Especificaciones:<\/p>\n<p>*Ancho total: 50 cm<br \/>\n*Profundidad: 40 cm<br \/>\n*Altura del asiento al piso regulable : 41 cm a 55 cm<br \/>\n*Ancho interno entre apoyabrazos: 46 cm<br \/>\n*Altura del respaldo al asiento: 34 cm<br \/>\n*Peso maximo soportado: 100 Kg<\/p>\n","protected":false},"excerpt":{"rendered":"<p>La silla de ducha y inodoro Yuwell H027B es la opci\u00f3n ideal para brindar confort y seguridad a quienes necesitan apoyo durante sus momentos de higiene personal.<\/p>\n","protected":false},"featured_media":3565,"comment_status":"open","ping_status":"closed","template":"","meta":{"_monsterinsights_skip_tracking":false,"_monsterinsights_sitenote_active":false,"_monsterinsights_sitenote_note":"","_monsterinsights_sitenote_category":0},"product_brand":[383],"product_cat":[63],"product_tag":[],"class_list":{"0":"post-3563","1":"product","2":"type-product","3":"status-publish","4":"has-post-thumbnail","6":"product_brand-yuwell","7":"product_cat-inodoro-portatil-silla-barras","9":"first","10":"instock","11":"shipping-taxable","12":"product-type-simple"},"_links":{"self":[{"href":"https:\/\/ortopediagorgo.com.ar\/index.php?rest_route=\/wp\/v2\/product\/3563","targetHints":{"allow":["GET"]}}],"collection":[{"href":"https:\/\/ortopediagorgo.com.ar\/index.php?rest_route=\/wp\/v2\/product"}],"about":[{"href":"https:\/\/ortopediagorgo.com.ar\/index.php?rest_route=\/wp\/v2\/types\/product"}],"replies":[{"embeddable":true,"href":"https:\/\/ortopediagorgo.com.ar\/index.php?rest_route=%2Fwp%2Fv2%2Fcomments&post=3563"}],"version-history":[{"count":1,"href":"https:\/\/ortopediagorgo.com.ar\/index.php?rest_route=\/wp\/v2\/product\/3563\/revisions"}],"predecessor-version":[{"id":3569,"href":"https:\/\/ortopediagorgo.com.ar\/index.php?rest_route=\/wp\/v2\/product\/3563\/revisions\/3569"}],"wp:featuredmedia":[{"embeddable":true,"href":"https:\/\/ortopediagorgo.com.ar\/index.php?rest_route=\/wp\/v2\/media\/3565"}],"wp:attachment":[{"href":"https:\/\/ortopediagorgo.com.ar\/index.php?rest_route=%2Fwp%2Fv2%2Fmedia&parent=3563"}],"wp:term":[{"taxonomy":"product_brand","embeddable":true,"href":"https:\/\/ortopediagorgo.com.ar\/index.php?rest_route=%2Fwp%2Fv2%2Fproduct_brand&post=3563"},{"taxonomy":"product_cat","embeddable":true,"href":"https:\/\/ortopediagorgo.com.ar\/index.php?rest_route=%2Fwp%2Fv2%2Fproduct_cat&post=3563"},{"taxonomy":"product_tag","embeddable":true,"href":"https:\/\/ortopediagorgo.com.ar\/index.php?rest_route=%2Fwp%2Fv2%2Fproduct_tag&post=3563"}],"curies":[{"name":"wp","href":"https:\/\/api.w.org\/{rel}","templated":true}]}}