{"id":3570,"date":"2025-11-13T02:19:53","date_gmt":"2025-11-13T05:19:53","guid":{"rendered":"http:\/\/ortopediagorgo.com.ar\/?post_type=product&#038;p=3570"},"modified":"2026-02-25T14:40:15","modified_gmt":"2026-02-25T17:40:15","slug":"silla-con-orinal","status":"publish","type":"product","link":"https:\/\/ortopediagorgo.com.ar\/?product=silla-con-orinal","title":{"rendered":"Silla para ba\u00f1o cod.6502"},"content":{"rendered":"<p>Silla sanitaria con estructura de aluminio<span style=\"font-family: HelveticaNeueW01-65Medi, HelveticaNeueW02-65Medi, HelveticaNeueW10-65Medi, sans-serif;\"><b>. <\/b>Con apoyabrazos p<\/span>l\u00e1sticos, rebatibles. asiento de pl\u00e1stico, acolchado y desmontable. Bacinilla de pl\u00e1stico con manija.<\/p>\n<p>Altura Regulable, con ruedas y frenos, y pedanas rebatibles y\u00a0desmontables.<\/p>\n<p><strong>Altura total:\u00a0<\/strong>90\/100cm<\/p>\n<p><strong>Ancho total:<\/strong>\u00a050cm<\/p>\n<p><strong>Peso m\u00e1ximo del usuario:<\/strong>\u00a0100kg<\/p>\n","protected":false},"excerpt":{"rendered":"<p>ESTRUCTURA: Aluminio.<br \/>\nAPOYABRAZOS: Pl\u00e1sticos, rebatibles.<br \/>\nASIENTO: De pl\u00e1stico, acolchado y desmontable.<br \/>\nBACINILLA: De pl\u00e1stico con manija.<br \/>\nALTURA: Regulable, con ruedas y freno.<br \/>\nPEDANAS: Rebatibles y desmontables<\/p>\n","protected":false},"featured_media":3571,"comment_status":"open","ping_status":"closed","template":"","meta":{"_monsterinsights_skip_tracking":false,"_monsterinsights_sitenote_active":false,"_monsterinsights_sitenote_note":"","_monsterinsights_sitenote_category":0},"product_brand":[],"product_cat":[63],"product_tag":[],"class_list":{"0":"post-3570","1":"product","2":"type-product","3":"status-publish","4":"has-post-thumbnail","6":"product_cat-inodoro-portatil-silla-barras","8":"first","9":"instock","10":"shipping-taxable","11":"product-type-simple"},"_links":{"self":[{"href":"https:\/\/ortopediagorgo.com.ar\/index.php?rest_route=\/wp\/v2\/product\/3570","targetHints":{"allow":["GET"]}}],"collection":[{"href":"https:\/\/ortopediagorgo.com.ar\/index.php?rest_route=\/wp\/v2\/product"}],"about":[{"href":"https:\/\/ortopediagorgo.com.ar\/index.php?rest_route=\/wp\/v2\/types\/product"}],"replies":[{"embeddable":true,"href":"https:\/\/ortopediagorgo.com.ar\/index.php?rest_route=%2Fwp%2Fv2%2Fcomments&post=3570"}],"version-history":[{"count":3,"href":"https:\/\/ortopediagorgo.com.ar\/index.php?rest_route=\/wp\/v2\/product\/3570\/revisions"}],"predecessor-version":[{"id":3758,"href":"https:\/\/ortopediagorgo.com.ar\/index.php?rest_route=\/wp\/v2\/product\/3570\/revisions\/3758"}],"wp:featuredmedia":[{"embeddable":true,"href":"https:\/\/ortopediagorgo.com.ar\/index.php?rest_route=\/wp\/v2\/media\/3571"}],"wp:attachment":[{"href":"https:\/\/ortopediagorgo.com.ar\/index.php?rest_route=%2Fwp%2Fv2%2Fmedia&parent=3570"}],"wp:term":[{"taxonomy":"product_brand","embeddable":true,"href":"https:\/\/ortopediagorgo.com.ar\/index.php?rest_route=%2Fwp%2Fv2%2Fproduct_brand&post=3570"},{"taxonomy":"product_cat","embeddable":true,"href":"https:\/\/ortopediagorgo.com.ar\/index.php?rest_route=%2Fwp%2Fv2%2Fproduct_cat&post=3570"},{"taxonomy":"product_tag","embeddable":true,"href":"https:\/\/ortopediagorgo.com.ar\/index.php?rest_route=%2Fwp%2Fv2%2Fproduct_tag&post=3570"}],"curies":[{"name":"wp","href":"https:\/\/api.w.org\/{rel}","templated":true}]}}