{"id":3641,"date":"2025-11-16T21:02:25","date_gmt":"2025-11-17T00:02:25","guid":{"rendered":"http:\/\/ortopediagorgo.com.ar\/?post_type=product&#038;p=3641"},"modified":"2025-11-16T21:02:25","modified_gmt":"2025-11-17T00:02:25","slug":"inmovilizador-de-munecas-y-dedos","status":"publish","type":"product","link":"https:\/\/ortopediagorgo.com.ar\/?product=inmovilizador-de-munecas-y-dedos","title":{"rendered":"Inmovilizador de mu\u00f1ecas y dedos"},"content":{"rendered":"<p class=\"p1\"><strong>CARACTER\u00cdSTICAS T\u00c9CNICAS<\/strong><\/p>\n<p class=\"p2\">\u2022 Confeccionado en tejido semi-r\u00edgido bondeado.<\/p>\n<p class=\"p2\">\u2022 Sujeci\u00f3n regulable r\u00edgida acolchonada y Velcro<span class=\"s1\">\u00ae<\/span>.<\/p>\n<p class=\"p2\">\u2022 Fleje palmar y de mu\u0116eca en aluminio liviano moldeable.<\/p>\n<p class=\"p2\">\u2022 Dise\u00f1o anat\u00f3mico y liviano.<\/p>\n<p class=\"p2\">\u2022 Ambidiestro.<\/p>\n","protected":false},"excerpt":{"rendered":"<p class=\"p1\"><strong>INDICACIONES<\/strong><\/p>\n<p class=\"p2\">\u2022 Artritis reumatoide.<\/p>\n<p class=\"p2\">\u2022 Post-quir\u00fargico seg\u00fan la contracci\u00f3n de Dupuytren.<\/p>\n<p class=\"p2\">\u2022 S\u00edndrome del T\u00fanel de Carpal agudo (grado I y II).<\/p>\n<p class=\"p2\">\u2022 Distorsiones comunes del metacarpo y del dedo.<\/p>\n<p class=\"p2\">\u2022 Despu\u00e9s de fracturas y del retiro estable de los moldes de yeso.<\/p>\n<p class=\"p2\">\u2022 Artrosis.<\/p>\n<p class=\"p2\">\u2022 Par\u00e1lisis de la mano y del dedo como resultado del movimiento o de otras enfermedades neurol\u00f3gicas.<\/p>\n","protected":false},"featured_media":3644,"comment_status":"open","ping_status":"closed","template":"","meta":{"_monsterinsights_skip_tracking":false,"_monsterinsights_sitenote_active":false,"_monsterinsights_sitenote_note":"","_monsterinsights_sitenote_category":0},"product_brand":[],"product_cat":[107],"product_tag":[130,46],"class_list":{"0":"post-3641","1":"product","2":"type-product","3":"status-publish","4":"has-post-thumbnail","6":"product_cat-brazo-codo-muneca-miembre-superio","7":"product_tag-inmovilizador","8":"product_tag-muneca","10":"first","11":"instock","12":"shipping-taxable","13":"product-type-simple"},"_links":{"self":[{"href":"https:\/\/ortopediagorgo.com.ar\/index.php?rest_route=\/wp\/v2\/product\/3641","targetHints":{"allow":["GET"]}}],"collection":[{"href":"https:\/\/ortopediagorgo.com.ar\/index.php?rest_route=\/wp\/v2\/product"}],"about":[{"href":"https:\/\/ortopediagorgo.com.ar\/index.php?rest_route=\/wp\/v2\/types\/product"}],"replies":[{"embeddable":true,"href":"https:\/\/ortopediagorgo.com.ar\/index.php?rest_route=%2Fwp%2Fv2%2Fcomments&post=3641"}],"version-history":[{"count":1,"href":"https:\/\/ortopediagorgo.com.ar\/index.php?rest_route=\/wp\/v2\/product\/3641\/revisions"}],"predecessor-version":[{"id":3645,"href":"https:\/\/ortopediagorgo.com.ar\/index.php?rest_route=\/wp\/v2\/product\/3641\/revisions\/3645"}],"wp:featuredmedia":[{"embeddable":true,"href":"https:\/\/ortopediagorgo.com.ar\/index.php?rest_route=\/wp\/v2\/media\/3644"}],"wp:attachment":[{"href":"https:\/\/ortopediagorgo.com.ar\/index.php?rest_route=%2Fwp%2Fv2%2Fmedia&parent=3641"}],"wp:term":[{"taxonomy":"product_brand","embeddable":true,"href":"https:\/\/ortopediagorgo.com.ar\/index.php?rest_route=%2Fwp%2Fv2%2Fproduct_brand&post=3641"},{"taxonomy":"product_cat","embeddable":true,"href":"https:\/\/ortopediagorgo.com.ar\/index.php?rest_route=%2Fwp%2Fv2%2Fproduct_cat&post=3641"},{"taxonomy":"product_tag","embeddable":true,"href":"https:\/\/ortopediagorgo.com.ar\/index.php?rest_route=%2Fwp%2Fv2%2Fproduct_tag&post=3641"}],"curies":[{"name":"wp","href":"https:\/\/api.w.org\/{rel}","templated":true}]}}